Last updated on 2024-04-26 08:55:02 CEST.
Flavor | Version | Tinstall | Tcheck | Ttotal | Status | Flags |
---|---|---|---|---|---|---|
r-devel-linux-x86_64-debian-clang | 0.1.27 | 270.75 | 44.81 | 315.56 | OK | |
r-devel-linux-x86_64-debian-gcc | 0.1.27 | 219.50 | 33.91 | 253.41 | OK | |
r-devel-linux-x86_64-fedora-clang | 0.1.27 | 458.45 | OK | |||
r-devel-linux-x86_64-fedora-gcc | 0.1.27 | 456.84 | OK | |||
r-devel-windows-x86_64 | 0.1.27 | 342.00 | 96.00 | 438.00 | NOTE | |
r-patched-linux-x86_64 | 0.1.27 | 273.49 | 42.79 | 316.28 | OK | |
r-release-linux-x86_64 | 0.1.27 | 267.84 | 40.48 | 308.32 | OK | |
r-release-macos-arm64 | 0.1.27 | 123.00 | NOTE | |||
r-release-windows-x86_64 | 0.1.27 | 342.00 | 93.00 | 435.00 | NOTE | |
r-oldrel-macos-arm64 | 0.1.27 | 121.00 | NOTE | |||
r-oldrel-macos-x86_64 | 0.1.27 | 149.00 | NOTE | |||
r-oldrel-windows-x86_64 | 0.1.27 | 400.00 | 125.00 | 525.00 | NOTE |
Version: 0.1.27
Check: installed package size
Result: NOTE
installed size is 5.8Mb
sub-directories of 1Mb or more:
libs 5.5Mb
Flavors: r-devel-windows-x86_64, r-release-macos-arm64, r-release-windows-x86_64, r-oldrel-macos-arm64, r-oldrel-macos-x86_64, r-oldrel-windows-x86_64