CRAN Package Check Results for Package lemon

Last updated on 2021-10-25 12:59:30 CEST.

Flavor Version Tinstall Tcheck Ttotal Status Flags
r-devel-linux-x86_64-debian-clang 0.4.5 12.20 169.38 181.58 NOTE
r-devel-linux-x86_64-debian-gcc 0.4.5 10.11 120.61 130.72 NOTE
r-devel-linux-x86_64-fedora-clang 0.4.5 210.91 NOTE
r-devel-linux-x86_64-fedora-gcc 0.4.5 203.96 NOTE
r-devel-windows-x86_64 0.4.5 19.00 213.00 232.00 NOTE
r-devel-windows-x86_64-gcc10-UCRT 0.4.5 NOTE
r-patched-linux-x86_64 0.4.5 14.92 166.02 180.94 NOTE
r-patched-solaris-x86 0.4.5 269.90 NOTE
r-release-linux-x86_64 0.4.5 11.47 164.51 175.98 NOTE
r-release-macos-arm64 0.4.5 NOTE
r-release-macos-x86_64 0.4.5 NOTE
r-release-windows-ix86+x86_64 0.4.5 16.00 200.00 216.00 NOTE
r-oldrel-macos-x86_64 0.4.5 OK
r-oldrel-windows-ix86+x86_64 0.4.5 25.00 222.00 247.00 OK

Check Details

Version: 0.4.5
Check: LazyData
Result: NOTE
     'LazyData' is specified without a 'data' directory
Flavors: r-devel-linux-x86_64-debian-clang, r-devel-linux-x86_64-debian-gcc, r-devel-linux-x86_64-fedora-clang, r-devel-linux-x86_64-fedora-gcc, r-devel-windows-x86_64, r-devel-windows-x86_64-gcc10-UCRT, r-patched-linux-x86_64, r-patched-solaris-x86, r-release-linux-x86_64, r-release-macos-arm64, r-release-macos-x86_64, r-release-windows-ix86+x86_64