CRAN Package Check Results for Package leri

Last updated on 2021-12-02 08:51:13 CET.

Flavor Version Tinstall Tcheck Ttotal Status Flags
r-devel-linux-x86_64-debian-clang 0.0.1 2.16 32.09 34.25 NOTE
r-devel-linux-x86_64-debian-gcc 0.0.1 1.52 24.87 26.39 NOTE
r-devel-linux-x86_64-fedora-clang 0.0.1 52.22 NOTE
r-devel-linux-x86_64-fedora-gcc 0.0.1 41.07 NOTE
r-devel-windows-x86_64-new-UL 0.0.1 6.00 72.00 78.00 NOTE
r-devel-windows-x86_64-new-TK 0.0.1 NOTE
r-devel-windows-x86_64-old 0.0.1 4.00 41.00 45.00 NOTE
r-patched-linux-x86_64 0.0.1 2.01 30.78 32.79 NOTE
r-patched-solaris-x86 0.0.1 60.90 NOTE
r-release-linux-x86_64 0.0.1 2.10 30.60 32.70 NOTE
r-release-macos-arm64 0.0.1 NOTE
r-release-macos-x86_64 0.0.1 NOTE
r-release-windows-ix86+x86_64 0.0.1 5.00 51.00 56.00 NOTE
r-oldrel-macos-x86_64 0.0.1 OK
r-oldrel-windows-ix86+x86_64 0.0.1 5.00 52.00 57.00 OK

Check Details

Version: 0.0.1
Check: LazyData
Result: NOTE
     'LazyData' is specified without a 'data' directory
Flavors: r-devel-linux-x86_64-debian-clang, r-devel-linux-x86_64-debian-gcc, r-devel-linux-x86_64-fedora-clang, r-devel-linux-x86_64-fedora-gcc, r-devel-windows-x86_64-new-UL, r-devel-windows-x86_64-new-TK, r-devel-windows-x86_64-old, r-patched-linux-x86_64, r-patched-solaris-x86, r-release-linux-x86_64, r-release-macos-arm64, r-release-macos-x86_64, r-release-windows-ix86+x86_64