Last updated on 2024-04-19 16:58:46 CEST.
Flavor | Version | Tinstall | Tcheck | Ttotal | Status | Flags |
---|---|---|---|---|---|---|
r-devel-linux-x86_64-debian-clang | 5.0 | 29.07 | 445.23 | 474.30 | OK | |
r-devel-linux-x86_64-debian-gcc | 5.0 | OK | ||||
r-devel-linux-x86_64-fedora-clang | 5.0 | 562.69 | OK | |||
r-devel-linux-x86_64-fedora-gcc | 5.0 | 558.97 | OK | |||
r-prerel-macos-arm64 | 5.0 | 134.00 | OK | |||
r-prerel-windows-x86_64 | 5.0 | 25.00 | 284.00 | 309.00 | OK | |
r-patched-linux-x86_64 | 5.0 | 29.59 | 418.38 | 447.97 | OK | |
r-release-linux-x86_64 | 5.0 | 28.08 | 425.15 | 453.23 | OK | |
r-release-macos-arm64 | 5.0 | 147.00 | OK | |||
r-release-macos-x86_64 | 5.0 | 549.00 | NOTE | |||
r-release-windows-x86_64 | 5.0 | 37.00 | 368.00 | 405.00 | OK | |
r-oldrel-macos-arm64 | 5.0 | 145.00 | OK | |||
r-oldrel-windows-x86_64 | 5.0 | 35.00 | 369.00 | 404.00 | OK |
Version: 5.0
Check: installed package size
Result: NOTE
installed size is 5.3Mb
sub-directories of 1Mb or more:
data 2.2Mb
doc 1.5Mb
extdata 1.1Mb
Flavor: r-release-macos-x86_64