Last updated on 2023-06-10 00:54:48 CEST.
Flavor | Version | Tinstall | Tcheck | Ttotal | Status | Flags |
---|---|---|---|---|---|---|
r-devel-linux-x86_64-debian-clang | 1.1 | 49.17 | 199.48 | 248.65 | OK | |
r-devel-linux-x86_64-debian-gcc | 1.1 | 36.20 | 142.09 | 178.29 | OK | |
r-devel-linux-x86_64-fedora-clang | 1.1 | 307.95 | NOTE | |||
r-devel-linux-x86_64-fedora-gcc | 1.1 | 322.94 | NOTE | |||
r-devel-windows-x86_64 | 1.1 | 38.00 | 180.00 | 218.00 | OK | |
r-patched-linux-x86_64 | 1.1 | 39.32 | 192.86 | 232.18 | OK | |
r-release-linux-x86_64 | 1.1 | 35.51 | 192.60 | 228.11 | OK | |
r-release-macos-arm64 | 1.1 | 110.00 | NOTE | |||
r-release-macos-x86_64 | 1.1 | 156.00 | NOTE | |||
r-release-windows-x86_64 | 1.1 | 47.00 | 226.00 | 273.00 | OK | |
r-oldrel-macos-arm64 | 1.1 | 85.00 | NOTE | |||
r-oldrel-macos-x86_64 | 1.1 | 164.00 | NOTE | |||
r-oldrel-windows-x86_64 | 1.1 | 44.00 | 224.00 | 268.00 | OK |
Version: 1.1
Check: dependencies in R code
Result: NOTE
Namespaces in Imports field not imported from:
‘ggplot2’ ‘knitr’ ‘purrr’ ‘rmarkdown’
All declared Imports should be used.
Flavors: r-devel-linux-x86_64-fedora-clang, r-devel-linux-x86_64-fedora-gcc, r-oldrel-macos-arm64, r-oldrel-macos-x86_64
Version: 1.1
Check: installed package size
Result: NOTE
installed size is 12.8Mb
sub-directories of 1Mb or more:
data 1.8Mb
libs 10.5Mb
Flavors: r-release-macos-arm64, r-release-macos-x86_64, r-oldrel-macos-arm64, r-oldrel-macos-x86_64