CRAN Package Check Results for Package lgrExtra

Last updated on 2021-10-16 13:04:00 CEST.

Flavor Version Tinstall Tcheck Ttotal Status Flags
r-devel-linux-x86_64-debian-clang 0.0.5 12.99 47.34 60.33 NOTE
r-devel-linux-x86_64-debian-gcc 0.0.5 10.93 36.05 46.98 NOTE
r-devel-linux-x86_64-fedora-clang 0.0.5 85.89 NOTE
r-devel-linux-x86_64-fedora-gcc 0.0.5 77.35 NOTE
r-devel-windows-x86_64 0.0.5 18.00 58.00 76.00 NOTE
r-devel-windows-x86_64-gcc10-UCRT 0.0.5 NOTE
r-patched-linux-x86_64 0.0.5 14.87 44.57 59.44 NOTE
r-patched-solaris-x86 0.0.5 106.80 NOTE
r-release-linux-x86_64 0.0.5 12.91 44.76 57.67 NOTE
r-release-macos-arm64 0.0.5 NOTE
r-release-macos-x86_64 0.0.5 NOTE
r-release-windows-ix86+x86_64 0.0.5 24.00 80.00 104.00 NOTE
r-oldrel-macos-x86_64 0.0.5 OK
r-oldrel-windows-ix86+x86_64 0.0.5 24.00 84.00 108.00 NOTE

Check Details

Version: 0.0.5
Check: LazyData
Result: NOTE
     'LazyData' is specified without a 'data' directory
Flavors: r-devel-linux-x86_64-debian-clang, r-devel-linux-x86_64-debian-gcc, r-devel-linux-x86_64-fedora-clang, r-devel-linux-x86_64-fedora-gcc, r-devel-windows-x86_64, r-devel-windows-x86_64-gcc10-UCRT, r-patched-linux-x86_64, r-patched-solaris-x86, r-release-linux-x86_64, r-release-macos-arm64, r-release-macos-x86_64, r-release-windows-ix86+x86_64

Version: 0.0.5
Check: Rd cross-references
Result: NOTE
    Undeclared package ‘R6’ in Rd xrefs
Flavor: r-devel-linux-x86_64-fedora-clang

Version: 0.0.5
Check: package dependencies
Result: NOTE
    Package suggested but not available for checking: 'rsyslog'
Flavors: r-devel-windows-x86_64, r-devel-windows-x86_64-gcc10-UCRT, r-release-windows-ix86+x86_64, r-oldrel-windows-ix86+x86_64

Version: 0.0.5
Check: Rd cross-references
Result: NOTE
    Package unavailable to check Rd xrefs: 'rsyslog'
Flavors: r-devel-windows-x86_64, r-devel-windows-x86_64-gcc10-UCRT, r-release-windows-ix86+x86_64, r-oldrel-windows-ix86+x86_64