CRAN Package Check Results for Package librarysnapshot

Last updated on 2023-06-05 09:54:04 CEST.

Flavor Version Tinstall Tcheck Ttotal Status Flags
r-devel-linux-x86_64-debian-clang 0.1.2 2.16 21.88 24.04 NOTE
r-devel-linux-x86_64-debian-gcc 0.1.2 1.66 17.24 18.90 NOTE
r-devel-linux-x86_64-fedora-clang 0.1.2 30.24 NOTE
r-devel-linux-x86_64-fedora-gcc 0.1.2 49.10 NOTE
r-devel-windows-x86_64 0.1.2 4.00 38.00 42.00 NOTE
r-patched-linux-x86_64 0.1.2 2.00 21.40 23.40 NOTE
r-release-linux-x86_64 0.1.2 1.56 21.11 22.67 NOTE
r-release-macos-arm64 0.1.2 35.00 NOTE
r-release-macos-x86_64 0.1.2 70.00 NOTE
r-release-windows-x86_64 0.1.2 4.00 39.00 43.00 NOTE
r-oldrel-macos-arm64 0.1.2 54.00 NOTE
r-oldrel-macos-x86_64 0.1.2 34.00 NOTE
r-oldrel-windows-x86_64 0.1.2 4.00 42.00 46.00 NOTE

Check Details

Version: 0.1.2
Check: LazyData
Result: NOTE
     'LazyData' is specified without a 'data' directory
Flavors: r-devel-linux-x86_64-debian-clang, r-devel-linux-x86_64-debian-gcc, r-devel-linux-x86_64-fedora-clang, r-devel-linux-x86_64-fedora-gcc, r-devel-windows-x86_64, r-patched-linux-x86_64, r-release-linux-x86_64, r-release-macos-arm64, r-release-macos-x86_64, r-release-windows-x86_64, r-oldrel-macos-arm64, r-oldrel-macos-x86_64, r-oldrel-windows-x86_64