CRAN Package Check Results for Package librarysnapshot

Last updated on 2023-02-04 01:54:25 CET.

Flavor Version Tinstall Tcheck Ttotal Status Flags
r-devel-linux-x86_64-debian-clang 0.1.2 2.15 22.46 24.61 NOTE
r-devel-linux-x86_64-debian-gcc 0.1.2 1.65 17.26 18.91 NOTE
r-devel-linux-x86_64-fedora-clang 0.1.2 30.80 NOTE
r-devel-linux-x86_64-fedora-gcc 0.1.2 50.12 NOTE
r-devel-windows-x86_64 0.1.2 24.00 48.00 72.00 NOTE
r-patched-linux-x86_64 0.1.2 1.43 21.98 23.41 NOTE
r-release-linux-x86_64 0.1.2 1.44 22.68 24.12 NOTE
r-release-macos-arm64 0.1.2 29.00 NOTE
r-release-macos-x86_64 0.1.2 34.00 NOTE
r-release-windows-x86_64 0.1.2 13.00 53.00 66.00 NOTE
r-oldrel-macos-arm64 0.1.2 46.00 NOTE
r-oldrel-macos-x86_64 0.1.2 100.00 NOTE
r-oldrel-windows-ix86+x86_64 0.1.2 6.00 47.00 53.00 NOTE

Check Details

Version: 0.1.2
Check: LazyData
Result: NOTE
     'LazyData' is specified without a 'data' directory
Flavors: r-devel-linux-x86_64-debian-clang, r-devel-linux-x86_64-debian-gcc, r-devel-linux-x86_64-fedora-clang, r-devel-linux-x86_64-fedora-gcc, r-devel-windows-x86_64, r-patched-linux-x86_64, r-release-linux-x86_64, r-release-macos-arm64, r-release-macos-x86_64, r-release-windows-x86_64, r-oldrel-macos-arm64, r-oldrel-macos-x86_64, r-oldrel-windows-ix86+x86_64