CRAN Package Check Results for Package lidR

Last updated on 2021-10-18 08:51:18 CEST.

Flavor Version Tinstall Tcheck Ttotal Status Flags
r-devel-linux-x86_64-debian-clang 3.2.1 136.54 404.64 541.18 OK
r-devel-linux-x86_64-debian-gcc 3.2.1 108.58 301.13 409.71 OK
r-devel-linux-x86_64-fedora-clang 3.2.1 729.43 NOTE
r-devel-linux-x86_64-fedora-gcc 3.2.1 703.17 OK
r-devel-windows-x86_64 3.2.1 177.00 476.00 653.00 NOTE
r-devel-windows-x86_64-gcc10-UCRT 3.2.1 OK
r-patched-linux-x86_64 3.2.1 127.95 423.18 551.13 OK
r-patched-solaris-x86 3.2.1 779.00 NOTE
r-release-linux-x86_64 3.2.1 128.11 422.07 550.18 OK
r-release-macos-arm64 3.2.1 NOTE
r-release-macos-x86_64 3.2.1 NOTE
r-release-windows-ix86+x86_64 3.2.1 231.00 800.00 1031.00 NOTE
r-oldrel-macos-x86_64 3.2.1 NOTE
r-oldrel-windows-ix86+x86_64 3.2.1 275.00 541.00 816.00 NOTE

Check Details

Version: 3.2.1
Check: installed package size
Result: NOTE
     installed size is 12.6Mb
     sub-directories of 1Mb or more:
     R 1.1Mb
     doc 1.0Mb
     extdata 1.2Mb
     libs 8.7Mb
Flavors: r-devel-linux-x86_64-fedora-clang, r-devel-windows-x86_64, r-patched-solaris-x86, r-release-macos-arm64, r-release-macos-x86_64, r-release-windows-ix86+x86_64, r-oldrel-macos-x86_64, r-oldrel-windows-ix86+x86_64