Last updated on 2024-04-18 16:49:58 CEST.
Flavor | Version | Tinstall | Tcheck | Ttotal | Status | Flags |
---|---|---|---|---|---|---|
r-devel-linux-x86_64-debian-clang | 4.0.5 | 6.96 | 156.93 | 163.89 | OK | |
r-devel-linux-x86_64-debian-gcc | 4.0.5 | 4.68 | 110.61 | 115.29 | OK | |
r-devel-linux-x86_64-fedora-clang | 4.0.5 | 196.47 | OK | |||
r-devel-linux-x86_64-fedora-gcc | 4.0.5 | 183.13 | OK | |||
r-prerel-macos-arm64 | 4.0.5 | 50.00 | OK | |||
r-prerel-windows-x86_64 | 4.0.5 | 8.00 | 144.00 | 152.00 | OK | |
r-patched-linux-x86_64 | 4.0.5 | 0.47 | 2.02 | 2.49 | ERROR | |
r-release-linux-x86_64 | 4.0.5 | 5.55 | 146.20 | 151.75 | OK | |
r-release-macos-arm64 | 4.0.5 | 49.00 | OK | |||
r-release-macos-x86_64 | 4.0.5 | 94.00 | OK | |||
r-release-windows-x86_64 | 4.0.5 | 9.00 | 171.00 | 180.00 | OK | |
r-oldrel-macos-arm64 | 4.0.5 | 49.00 | OK | |||
r-oldrel-windows-x86_64 | 4.0.5 | 9.00 | 173.00 | 182.00 | OK |
Version: 4.0.5
Check: package dependencies
Result: ERROR
Package required but not available: ‘reldist’
See section ‘The DESCRIPTION file’ in the ‘Writing R Extensions’
manual.
Flavor: r-patched-linux-x86_64