Last updated on 2024-03-28 23:55:10 CET.
Flavor | Version | Tinstall | Tcheck | Ttotal | Status | Flags |
---|---|---|---|---|---|---|
r-devel-linux-x86_64-debian-clang | 1.0.1 | 27.56 | 304.63 | 332.19 | OK | |
r-devel-linux-x86_64-debian-gcc | 1.0.1 | 19.46 | 214.79 | 234.25 | OK | |
r-devel-linux-x86_64-fedora-clang | 1.0.1 | 400.26 | NOTE | |||
r-devel-linux-x86_64-fedora-gcc | 1.0.1 | 399.88 | NOTE | |||
r-devel-windows-x86_64 | 1.0.1 | 24.00 | 184.00 | 208.00 | OK | |
r-patched-linux-x86_64 | 1.0.1 | 21.95 | 294.82 | 316.77 | OK | |
r-release-linux-x86_64 | 1.0.1 | 17.97 | 284.48 | 302.45 | OK | |
r-release-macos-arm64 | 1.0.1 | 95.00 | OK | |||
r-release-macos-x86_64 | 1.0.1 | 259.00 | OK | |||
r-release-windows-x86_64 | 1.0.1 | 31.00 | 243.00 | 274.00 | OK | |
r-oldrel-macos-arm64 | 1.0.1 | 92.00 | OK | |||
r-oldrel-windows-x86_64 | 1.0.1 | 35.00 | 246.00 | 281.00 | OK |
Version: 1.0.1
Check: dependencies in R code
Result: NOTE
Namespace in Imports field not imported from: ‘knitr’
All declared Imports should be used.
Flavors: r-devel-linux-x86_64-fedora-clang, r-devel-linux-x86_64-fedora-gcc