Last updated on 2023-10-04 00:58:27 CEST.
Flavor | Version | Tinstall | Tcheck | Ttotal | Status | Flags |
---|---|---|---|---|---|---|
r-devel-linux-x86_64-debian-clang | 1.7.0 | 4.26 | 89.19 | 93.45 | OK | |
r-devel-linux-x86_64-debian-gcc | 1.7.0 | 3.95 | 65.97 | 69.92 | OK | |
r-devel-linux-x86_64-fedora-clang | 1.7.0 | 121.84 | NOTE | |||
r-devel-linux-x86_64-fedora-gcc | 1.7.0 | 124.24 | OK | |||
r-devel-windows-x86_64 | 1.7.0 | 6.00 | 96.00 | 102.00 | OK | |
r-patched-linux-x86_64 | 1.7.0 | 4.83 | 86.17 | 91.00 | OK | |
r-release-linux-x86_64 | 1.7.0 | 3.85 | 87.57 | 91.42 | OK | |
r-release-macos-arm64 | 1.7.0 | 50.00 | OK | |||
r-release-macos-x86_64 | 1.7.0 | 77.00 | OK | |||
r-release-windows-x86_64 | 1.7.0 | 7.00 | 112.00 | 119.00 | OK | |
r-oldrel-macos-arm64 | 1.7.0 | 44.00 | OK | |||
r-oldrel-macos-x86_64 | 1.7.0 | 52.00 | OK | |||
r-oldrel-windows-x86_64 | 1.7.0 | 7.00 | 116.00 | 123.00 | OK |
Version: 1.7.0
Check: Rd cross-references
Result: NOTE
Undeclared package ‘future’ in Rd xrefs
Flavor: r-devel-linux-x86_64-fedora-clang