CRAN Package Check Results for Package lightsout

Last updated on 2021-09-26 20:49:12 CEST.

Flavor Version Tinstall Tcheck Ttotal Status Flags
r-devel-linux-x86_64-debian-clang 0.3 2.02 29.07 31.09 NOTE
r-devel-linux-x86_64-debian-gcc 0.3 1.93 22.99 24.92 NOTE
r-devel-linux-x86_64-fedora-clang 0.3 46.60 NOTE
r-devel-linux-x86_64-fedora-gcc 0.3 36.51 NOTE
r-devel-windows-x86_64 0.3 5.00 40.00 45.00 NOTE
r-devel-windows-x86_64-gcc10-UCRT 0.3 NOTE
r-patched-linux-x86_64 0.3 2.69 28.33 31.02 NOTE
r-patched-solaris-x86 0.3 57.60 NOTE
r-release-linux-x86_64 0.3 2.58 28.20 30.78 NOTE
r-release-macos-arm64 0.3 NOTE
r-release-macos-x86_64 0.3 NOTE
r-release-windows-ix86+x86_64 0.3 6.00 39.00 45.00 NOTE
r-oldrel-macos-x86_64 0.3 OK
r-oldrel-windows-ix86+x86_64 0.3 5.00 37.00 42.00 OK

Check Details

Version: 0.3
Check: LazyData
Result: NOTE
     'LazyData' is specified without a 'data' directory
Flavors: r-devel-linux-x86_64-debian-clang, r-devel-linux-x86_64-debian-gcc, r-devel-linux-x86_64-fedora-clang, r-devel-linux-x86_64-fedora-gcc, r-devel-windows-x86_64, r-devel-windows-x86_64-gcc10-UCRT, r-patched-linux-x86_64, r-patched-solaris-x86, r-release-linux-x86_64, r-release-macos-arm64, r-release-macos-x86_64, r-release-windows-ix86+x86_64