Last updated on 2023-06-05 16:54:58 CEST.
Flavor | Version | Tinstall | Tcheck | Ttotal | Status | Flags |
---|---|---|---|---|---|---|
r-devel-linux-x86_64-debian-clang | 1.3.5 | 8.02 | 76.37 | 84.39 | OK | |
r-devel-linux-x86_64-debian-gcc | 1.3.5 | 6.49 | 56.99 | 63.48 | OK | |
r-devel-linux-x86_64-fedora-clang | 1.3.5 | 105.46 | NOTE | |||
r-devel-linux-x86_64-fedora-gcc | 1.3.5 | 114.85 | NOTE | |||
r-devel-windows-x86_64 | 1.3.5 | 9.00 | 87.00 | 96.00 | OK | |
r-patched-linux-x86_64 | 1.3.5 | 11.27 | 71.95 | 83.22 | OK | |
r-release-linux-x86_64 | 1.3.5 | 8.98 | 72.06 | 81.04 | OK | |
r-release-macos-arm64 | 1.3.5 | 44.00 | OK | |||
r-release-macos-x86_64 | 1.3.5 | 65.00 | OK | |||
r-release-windows-x86_64 | 1.3.5 | 12.00 | 97.00 | 109.00 | OK | |
r-oldrel-macos-arm64 | 1.3.5 | 36.00 | NOTE | |||
r-oldrel-macos-x86_64 | 1.3.5 | 67.00 | NOTE | |||
r-oldrel-windows-x86_64 | 1.3.5 | 13.00 | 93.00 | 106.00 | OK |
Version: 1.3.5
Check: data for non-ASCII characters
Result: NOTE
Note: found 7 marked UTF-8 strings
Flavors: r-devel-linux-x86_64-fedora-clang, r-devel-linux-x86_64-fedora-gcc, r-oldrel-macos-arm64, r-oldrel-macos-x86_64