Last updated on 2024-08-13 17:48:17 CEST.
Flavor | Version | Tinstall | Tcheck | Ttotal | Status | Flags |
---|---|---|---|---|---|---|
r-devel-linux-x86_64-debian-clang | 0.6-1 | 11.16 | 90.62 | 101.78 | NOTE | |
r-devel-linux-x86_64-debian-gcc | 0.6-1 | 8.69 | 63.26 | 71.95 | NOTE | |
r-devel-linux-x86_64-fedora-clang | 0.6-1 | 165.52 | OK | |||
r-devel-linux-x86_64-fedora-gcc | 0.6-1 | 170.98 | OK | |||
r-devel-windows-x86_64 | 0.6-1 | 12.00 | 106.00 | 118.00 | NOTE | |
r-patched-linux-x86_64 | 0.6-1 | 16.10 | 87.22 | 103.32 | OK | |
r-release-linux-x86_64 | 0.6-1 | 10.12 | 87.46 | 97.58 | OK | |
r-release-macos-arm64 | 0.6-1 | 61.00 | OK | |||
r-release-macos-x86_64 | 0.6-1 | 103.00 | OK | |||
r-release-windows-x86_64 | 0.6-1 | 12.00 | 106.00 | 118.00 | OK | |
r-oldrel-macos-arm64 | 0.6-1 | 61.00 | OK | |||
r-oldrel-macos-x86_64 | 0.6-1 | 104.00 | OK | |||
r-oldrel-windows-x86_64 | 0.6-1 | 16.00 | 127.00 | 143.00 | OK |
Version: 0.6-1
Check: Rd cross-references
Result: NOTE
Found the following Rd file(s) with Rd \link{} targets missing package
anchors:
gvec2sf.Rd: sf
manuallyBuild.Rd: roxygenize
Please provide package anchors for all Rd \link{} targets not in the
package itself and the base packages.
Flavors: r-devel-linux-x86_64-debian-clang, r-devel-linux-x86_64-debian-gcc, r-devel-windows-x86_64