CRAN Package Check Results for Package linkspotter

Last updated on 2021-09-22 13:07:06 CEST.

Flavor Version Tinstall Tcheck Ttotal Status Flags
r-devel-linux-x86_64-debian-clang 1.3.0 9.38 99.59 108.97 NOTE
r-devel-linux-x86_64-debian-gcc 1.3.0 7.01 73.63 80.64 NOTE
r-devel-linux-x86_64-fedora-clang 1.3.0 134.02 NOTE
r-devel-linux-x86_64-fedora-gcc 1.3.0 121.30 NOTE
r-devel-windows-x86_64 1.3.0 10.00 101.00 111.00 NOTE
r-devel-windows-x86_64-gcc10-UCRT 1.3.0 ERROR
r-patched-linux-x86_64 1.3.0 9.38 91.36 100.74 NOTE
r-patched-solaris-x86 1.3.0 169.00 NOTE
r-release-linux-x86_64 1.3.0 7.15 91.54 98.69 NOTE
r-release-macos-arm64 1.3.0 NOTE
r-release-macos-x86_64 1.3.0 WARN
r-release-windows-ix86+x86_64 1.3.0 21.00 94.00 115.00 NOTE
r-oldrel-macos-x86_64 1.3.0 WARN
r-oldrel-windows-ix86+x86_64 1.3.0 19.00 91.00 110.00 OK

Check Details

Version: 1.3.0
Check: LazyData
Result: NOTE
     'LazyData' is specified without a 'data' directory
Flavors: r-devel-linux-x86_64-debian-clang, r-devel-linux-x86_64-debian-gcc, r-devel-linux-x86_64-fedora-clang, r-devel-linux-x86_64-fedora-gcc, r-devel-windows-x86_64, r-devel-windows-x86_64-gcc10-UCRT, r-patched-linux-x86_64, r-patched-solaris-x86, r-release-linux-x86_64, r-release-macos-arm64, r-release-macos-x86_64, r-release-windows-ix86+x86_64

Version: 1.3.0
Check: PDF version of manual
Result: WARN
    LaTeX errors when creating PDF version.
    This typically indicates Rd problems.
Flavor: r-devel-windows-x86_64-gcc10-UCRT

Version: 1.3.0
Check: PDF version of manual without hyperrefs or index
Result: ERROR
    Re-running with no redirection of stdout/stderr.
Flavor: r-devel-windows-x86_64-gcc10-UCRT

Version: 1.3.0
Check: re-building of vignette outputs
Result: WARN
    Error(s) in re-building vignettes:
     ...
    --- re-building ‘linkspotterVignette.Rmd’ using rmarkdown
    Warning in engine$weave(file, quiet = quiet, encoding = enc) :
     Pandoc (>= 1.12.3) not available. Falling back to R Markdown v1.
    Quitting from lines 109-112 (linkspotterVignette.Rmd)
    Error: processing vignette 'linkspotterVignette.Rmd' failed with diagnostics:
    invalid 'path' argument
    --- failed re-building ‘linkspotterVignette.Rmd’
    
    SUMMARY: processing the following file failed:
     ‘linkspotterVignette.Rmd’
    
    Error: Vignette re-building failed.
    Execution halted
Flavor: r-release-macos-x86_64

Version: 1.3.0
Check: re-building of vignette outputs
Result: WARN
    Error(s) in re-building vignettes:
     ...
    --- re-building ‘linkspotterVignette.Rmd’ using rmarkdown
    Warning in engine$weave(file, quiet = quiet, encoding = enc) :
     Pandoc (>= 1.12.3) and/or pandoc-citeproc not available. Falling back to R Markdown v1.
    Quitting from lines 109-112 (linkspotterVignette.Rmd)
    Error: processing vignette 'linkspotterVignette.Rmd' failed with diagnostics:
    cannot open the connection
    --- failed re-building ‘linkspotterVignette.Rmd’
    
    SUMMARY: processing the following file failed:
     ‘linkspotterVignette.Rmd’
    
    Error: Vignette re-building failed.
    Execution halted
Flavor: r-oldrel-macos-x86_64