Last updated on 2024-03-28 23:55:10 CET.
Flavor | Version | Tinstall | Tcheck | Ttotal | Status | Flags |
---|---|---|---|---|---|---|
r-devel-linux-x86_64-debian-clang | 0.0.2 | 4.55 | 58.56 | 63.11 | NOTE | |
r-devel-linux-x86_64-debian-gcc | 0.0.2 | 3.79 | 46.59 | 50.38 | NOTE | |
r-devel-linux-x86_64-fedora-clang | 0.0.2 | 80.25 | NOTE | |||
r-devel-linux-x86_64-fedora-gcc | 0.0.2 | 92.00 | NOTE | |||
r-devel-windows-x86_64 | 0.0.2 | 6.00 | 69.00 | 75.00 | NOTE | |
r-patched-linux-x86_64 | 0.0.2 | 3.08 | 57.63 | 60.71 | NOTE | |
r-release-linux-x86_64 | 0.0.2 | 3.65 | 55.14 | 58.79 | NOTE | |
r-release-macos-arm64 | 0.0.2 | 41.00 | NOTE | |||
r-release-macos-x86_64 | 0.0.2 | 55.00 | NOTE | |||
r-release-windows-x86_64 | 0.0.2 | 6.00 | 72.00 | 78.00 | NOTE | |
r-oldrel-macos-arm64 | 0.0.2 | 26.00 | NOTE | |||
r-oldrel-windows-x86_64 | 0.0.2 | 8.00 | 83.00 | 91.00 | NOTE |
Version: 0.0.2
Check: LazyData
Result: NOTE
'LazyData' is specified without a 'data' directory
Flavors: r-devel-linux-x86_64-debian-clang, r-devel-linux-x86_64-debian-gcc, r-devel-linux-x86_64-fedora-clang, r-devel-linux-x86_64-fedora-gcc, r-devel-windows-x86_64, r-patched-linux-x86_64, r-release-linux-x86_64, r-release-macos-arm64, r-release-macos-x86_64, r-release-windows-x86_64, r-oldrel-macos-arm64, r-oldrel-windows-x86_64
Version: 0.0.2
Check: dependencies in R code
Result: NOTE
Namespace in Imports field not imported from: ‘R6’
All declared Imports should be used.
Flavors: r-devel-linux-x86_64-fedora-clang, r-devel-linux-x86_64-fedora-gcc, r-oldrel-macos-arm64