CRAN Package Check Results for Package liqueueR

Last updated on 2023-12-08 00:51:59 CET.

Flavor Version Tinstall Tcheck Ttotal Status Flags
r-devel-linux-x86_64-debian-clang 0.0.1 2.69 26.40 29.09 NOTE
r-devel-linux-x86_64-debian-gcc 0.0.1 2.14 20.83 22.97 NOTE
r-devel-linux-x86_64-fedora-clang 0.0.1 36.97 NOTE
r-devel-linux-x86_64-fedora-gcc 0.0.1 35.37 NOTE
r-devel-windows-x86_64 0.0.1 4.00 49.00 53.00 NOTE
r-patched-linux-x86_64 0.0.1 2.42 26.54 28.96 NOTE
r-release-linux-x86_64 0.0.1 2.38 26.10 28.48 NOTE
r-release-macos-arm64 0.0.1 17.00 NOTE
r-release-macos-x86_64 0.0.1 25.00 NOTE
r-release-windows-x86_64 0.0.1 5.00 48.00 53.00 NOTE
r-oldrel-macos-arm64 0.0.1 19.00 NOTE
r-oldrel-macos-x86_64 0.0.1 23.00 NOTE
r-oldrel-windows-x86_64 0.0.1 6.00 49.00 55.00 NOTE

Check Details

Version: 0.0.1
Check: LazyData
Result: NOTE 'LazyData' is specified without a 'data' directory Flavors: r-devel-linux-x86_64-debian-clang, r-devel-linux-x86_64-debian-gcc, r-devel-linux-x86_64-fedora-clang, r-devel-linux-x86_64-fedora-gcc, r-devel-windows-x86_64, r-patched-linux-x86_64, r-release-linux-x86_64, r-release-macos-arm64, r-release-macos-x86_64, r-release-windows-x86_64, r-oldrel-macos-arm64, r-oldrel-macos-x86_64, r-oldrel-windows-x86_64