Last updated on 2024-04-23 16:58:19 CEST.
Flavor | Version | Tinstall | Tcheck | Ttotal | Status | Flags |
---|---|---|---|---|---|---|
r-devel-linux-x86_64-debian-clang | 0.1.2 | 3.62 | 44.61 | 48.23 | OK | |
r-devel-linux-x86_64-debian-gcc | 0.1.2 | 2.73 | 33.09 | 35.82 | OK | |
r-devel-linux-x86_64-fedora-clang | 0.1.2 | 61.38 | NOTE | |||
r-devel-linux-x86_64-fedora-gcc | 0.1.2 | 70.15 | NOTE | |||
r-prerel-macos-arm64 | 0.1.2 | 28.00 | OK | |||
r-prerel-windows-x86_64 | 0.1.2 | 5.00 | 54.00 | 59.00 | OK | |
r-patched-linux-x86_64 | 0.1.2 | 3.17 | 41.51 | 44.68 | OK | |
r-release-linux-x86_64 | 0.1.2 | 3.46 | 40.89 | 44.35 | OK | |
r-release-macos-arm64 | 0.1.2 | 28.00 | OK | |||
r-release-macos-x86_64 | 0.1.2 | 40.00 | OK | |||
r-release-windows-x86_64 | 0.1.2 | 6.00 | 56.00 | 62.00 | OK | |
r-oldrel-macos-arm64 | 0.1.2 | 23.00 | NOTE | |||
r-oldrel-windows-x86_64 | 0.1.2 | 6.00 | 62.00 | 68.00 | OK |
Version: 0.1.2
Check: data for non-ASCII characters
Result: NOTE
Note: found 32 marked UTF-8 strings
Flavors: r-devel-linux-x86_64-fedora-clang, r-devel-linux-x86_64-fedora-gcc, r-oldrel-macos-arm64