CRAN Package Check Results for Package listdown

Last updated on 2021-10-23 05:02:39 CEST.

Flavor Version Tinstall Tcheck Ttotal Status Flags
r-devel-linux-x86_64-debian-clang 0.4.1 2.23 31.36 33.59 NOTE
r-devel-linux-x86_64-debian-gcc 0.4.1 1.81 24.17 25.98 NOTE
r-devel-linux-x86_64-fedora-clang 0.4.1 53.07 NOTE
r-devel-linux-x86_64-fedora-gcc 0.4.1 40.75 NOTE
r-devel-windows-x86_64 0.4.1 5.00 52.00 57.00 NOTE
r-devel-windows-x86_64-gcc10-UCRT 0.4.1 NOTE
r-patched-linux-x86_64 0.4.1 2.35 29.79 32.14 NOTE
r-patched-solaris-x86 0.4.1 60.60 NOTE
r-release-linux-x86_64 0.4.1 2.06 29.04 31.10 NOTE
r-release-macos-arm64 0.4.1 NOTE
r-release-macos-x86_64 0.4.1 NOTE
r-release-windows-ix86+x86_64 0.4.1 5.00 49.00 54.00 NOTE
r-oldrel-macos-x86_64 0.4.1 OK
r-oldrel-windows-ix86+x86_64 0.4.1 6.00 54.00 60.00 OK

Check Details

Version: 0.4.1
Check: LazyData
Result: NOTE
     'LazyData' is specified without a 'data' directory
Flavors: r-devel-linux-x86_64-debian-clang, r-devel-linux-x86_64-debian-gcc, r-devel-linux-x86_64-fedora-clang, r-devel-linux-x86_64-fedora-gcc, r-devel-windows-x86_64, r-devel-windows-x86_64-gcc10-UCRT, r-patched-linux-x86_64, r-patched-solaris-x86, r-release-linux-x86_64, r-release-macos-arm64, r-release-macos-x86_64, r-release-windows-ix86+x86_64