Last updated on 2024-03-28 23:55:10 CET.
Flavor | Version | Tinstall | Tcheck | Ttotal | Status | Flags |
---|---|---|---|---|---|---|
r-devel-linux-x86_64-debian-clang | 1.5.13 | 9.53 | 176.14 | 185.67 | OK | |
r-devel-linux-x86_64-debian-gcc | 1.5.13 | 10.28 | 131.70 | 141.98 | OK | |
r-devel-linux-x86_64-fedora-clang | 1.5.13 | 230.32 | NOTE | |||
r-devel-linux-x86_64-fedora-gcc | 1.5.13 | 237.24 | NOTE | |||
r-devel-windows-x86_64 | 1.5.13 | 11.00 | 142.00 | 153.00 | OK | |
r-patched-linux-x86_64 | 1.5.13 | 8.20 | 170.25 | 178.45 | OK | |
r-release-linux-x86_64 | 1.5.13 | 8.65 | 172.99 | 181.64 | OK | |
r-release-macos-arm64 | 1.5.13 | 77.00 | OK | |||
r-release-macos-x86_64 | 1.5.13 | 144.00 | OK | |||
r-release-windows-x86_64 | 1.5.13 | 15.00 | 180.00 | 195.00 | OK | |
r-oldrel-macos-arm64 | 1.5.13 | 62.00 | NOTE | |||
r-oldrel-windows-x86_64 | 1.5.13 | 16.00 | 178.00 | 194.00 | OK |
Version: 1.5.13
Check: dependencies in R code
Result: NOTE
Namespace in Imports field not imported from: ‘e1071’
All declared Imports should be used.
Flavors: r-devel-linux-x86_64-fedora-clang, r-devel-linux-x86_64-fedora-gcc, r-oldrel-macos-arm64