Last updated on 2023-12-03 00:56:47 CET.
Flavor | Version | Tinstall | Tcheck | Ttotal | Status | Flags |
---|---|---|---|---|---|---|
r-devel-linux-x86_64-debian-clang | 1.0.0 | 29.42 | 174.58 | 204.00 | NOTE | |
r-devel-linux-x86_64-debian-gcc | 1.0.0 | 23.57 | 127.91 | 151.48 | NOTE | |
r-devel-linux-x86_64-fedora-clang | 1.0.0 | 253.61 | NOTE | |||
r-devel-linux-x86_64-fedora-gcc | 1.0.0 | 240.84 | NOTE | |||
r-devel-windows-x86_64 | 1.0.0 | 19.00 | 121.00 | 140.00 | NOTE | |
r-patched-linux-x86_64 | 1.0.0 | 19.08 | 168.54 | 187.62 | NOTE | |
r-release-linux-x86_64 | 1.0.0 | 19.82 | 166.78 | 186.60 | NOTE | |
r-release-macos-arm64 | 1.0.0 | 50.00 | NOTE | |||
r-release-macos-x86_64 | 1.0.0 | 91.00 | NOTE | |||
r-release-windows-x86_64 | 1.0.0 | 25.00 | 150.00 | 175.00 | NOTE | |
r-oldrel-macos-arm64 | 1.0.0 | 53.00 | OK | |||
r-oldrel-macos-x86_64 | 1.0.0 | 107.00 | OK | |||
r-oldrel-windows-x86_64 | 1.0.0 | 25.00 | 154.00 | 179.00 | OK |
Version: 1.0.0
Check: Rd files
Result: NOTE
checkRd: (-1) MHDI.Rd:23: Escaped LaTeX specials: \&
Flavors: r-devel-linux-x86_64-debian-clang, r-devel-linux-x86_64-debian-gcc, r-devel-linux-x86_64-fedora-clang, r-devel-linux-x86_64-fedora-gcc, r-devel-windows-x86_64, r-patched-linux-x86_64, r-release-linux-x86_64, r-release-macos-arm64, r-release-macos-x86_64, r-release-windows-x86_64