Last updated on 2024-03-28 23:55:10 CET.
Flavor | Version | Tinstall | Tcheck | Ttotal | Status | Flags |
---|---|---|---|---|---|---|
r-devel-linux-x86_64-debian-clang | 1.1-35.1 | 120.88 | 590.11 | 710.99 | OK | |
r-devel-linux-x86_64-debian-gcc | 1.1-35.1 | 97.70 | 429.62 | 527.32 | OK | |
r-devel-linux-x86_64-fedora-clang | 1.1-35.2 | 922.86 | NOTE | |||
r-devel-linux-x86_64-fedora-gcc | 1.1-35.2 | 763.49 | OK | |||
r-devel-windows-x86_64 | 1.1-35.1 | 89.00 | 414.00 | 503.00 | NOTE | |
r-patched-linux-x86_64 | 1.1-35.1 | 96.44 | 574.39 | 670.83 | OK | |
r-release-linux-x86_64 | 1.1-35.1 | 84.59 | 570.75 | 655.34 | OK | |
r-release-macos-arm64 | 1.1-35.1 | 143.00 | NOTE | |||
r-release-macos-x86_64 | 1.1-35.2 | 361.00 | NOTE | |||
r-release-windows-x86_64 | 1.1-35.1 | 110.00 | 490.00 | 600.00 | NOTE | |
r-oldrel-macos-arm64 | 1.1-35.1 | 145.00 | NOTE | |||
r-oldrel-windows-x86_64 | 1.1-35.1 | 110.00 | 485.00 | 595.00 | NOTE |
Version: 1.1-35.2
Check: installed package size
Result: NOTE
installed size is 5.9Mb
sub-directories of 1Mb or more:
R 1.5Mb
doc 1.6Mb
testdata 1.3Mb
Flavors: r-devel-linux-x86_64-fedora-clang, r-release-macos-x86_64
Version: 1.1-35.1
Check: installed package size
Result: NOTE
installed size is 6.5Mb
sub-directories of 1Mb or more:
R 1.5Mb
doc 1.6Mb
libs 1.3Mb
testdata 1.3Mb
Flavors: r-devel-windows-x86_64, r-release-macos-arm64, r-release-windows-x86_64, r-oldrel-macos-arm64, r-oldrel-windows-x86_64