Last updated on 2024-03-28 23:55:10 CET.
Flavor | Version | Tinstall | Tcheck | Ttotal | Status | Flags |
---|---|---|---|---|---|---|
r-devel-linux-x86_64-debian-clang | 3.1-3 | 14.12 | 265.27 | 279.39 | OK | |
r-devel-linux-x86_64-debian-gcc | 3.1-3 | 12.09 | 200.81 | 212.90 | OK | |
r-devel-linux-x86_64-fedora-clang | 3.1-3 | 342.83 | OK | |||
r-devel-linux-x86_64-fedora-gcc | 3.1-3 | 337.59 | OK | |||
r-devel-windows-x86_64 | 3.1-3 | 13.00 | 202.00 | 215.00 | OK | |
r-patched-linux-x86_64 | 3.1-3 | 11.41 | 264.16 | 275.57 | OK | |
r-release-linux-x86_64 | 3.1-3 | 16.41 | 269.28 | 285.69 | OK | |
r-release-macos-arm64 | 3.1-3 | 108.00 | OK | |||
r-release-macos-x86_64 | 3.1-3 | 183.00 | NOTE | |||
r-release-windows-x86_64 | 3.1-3 | 19.00 | 260.00 | 279.00 | OK | |
r-oldrel-macos-arm64 | 3.1-3 | 98.00 | OK | |||
r-oldrel-windows-x86_64 | 3.1-3 | 18.00 | 263.00 | 281.00 | OK |
Version: 3.1-3
Check: package dependencies
Result: NOTE
Package suggested but not available for checking: ‘pbkrtest’
Flavor: r-release-macos-x86_64
Version: 3.1-3
Check: Rd cross-references
Result: NOTE
Package unavailable to check Rd xrefs: ‘pbkrtest’
Flavor: r-release-macos-x86_64