Last updated on 2024-04-19 01:04:39 CEST.
Flavor | Version | Tinstall | Tcheck | Ttotal | Status | Flags |
---|---|---|---|---|---|---|
r-devel-linux-x86_64-debian-clang | 0.2.4 | 15.09 | 133.77 | 148.86 | NOTE | |
r-devel-linux-x86_64-debian-gcc | 0.2.4 | 10.86 | 96.09 | 106.95 | NOTE | |
r-devel-linux-x86_64-fedora-clang | 0.2.4 | 187.18 | NOTE | |||
r-devel-linux-x86_64-fedora-gcc | 0.2.4 | 185.82 | NOTE | |||
r-prerel-macos-arm64 | 0.2.4 | 53.00 | NOTE | |||
r-prerel-windows-x86_64 | 0.2.4 | 12.00 | 105.00 | 117.00 | NOTE | |
r-patched-linux-x86_64 | 0.2.4 | 9.53 | 124.10 | 133.63 | NOTE | |
r-release-linux-x86_64 | 0.2.4 | 11.33 | 128.48 | 139.81 | OK | |
r-release-macos-arm64 | 0.2.4 | 56.00 | OK | |||
r-release-macos-x86_64 | 0.2.4 | 84.00 | OK | |||
r-release-windows-x86_64 | 0.2.4 | 17.00 | 128.00 | 145.00 | OK | |
r-oldrel-macos-arm64 | 0.2.4 | 48.00 | OK | |||
r-oldrel-windows-x86_64 | 0.2.4 | 18.00 | 132.00 | 150.00 | OK |
Version: 0.2.4
Check: Rd files
Result: NOTE
checkRd: (-1) bootstrap_pvals.Rd:78: Lost braces; missing escapes or markup?
78 | $(n_{extreme} + 1) / (B + 1)$.
| ^
Flavors: r-devel-linux-x86_64-debian-clang, r-devel-linux-x86_64-debian-gcc, r-devel-linux-x86_64-fedora-clang, r-devel-linux-x86_64-fedora-gcc, r-prerel-macos-arm64, r-prerel-windows-x86_64, r-patched-linux-x86_64