Last updated on 2024-03-27 23:59:48 CET.
Flavor | Version | Tinstall | Tcheck | Ttotal | Status | Flags |
---|---|---|---|---|---|---|
r-devel-linux-x86_64-debian-clang | 1.2.1 | 5.69 | 65.87 | 71.56 | OK | |
r-devel-linux-x86_64-debian-gcc | 1.2.1 | 3.97 | 47.27 | 51.24 | OK | |
r-devel-linux-x86_64-fedora-clang | 1.2.1 | 84.58 | NOTE | |||
r-devel-linux-x86_64-fedora-gcc | 1.2.1 | 82.66 | OK | |||
r-devel-windows-x86_64 | 1.2.1 | 4.00 | 62.00 | 66.00 | OK | |
r-patched-linux-x86_64 | 1.2.1 | 5.92 | 62.28 | 68.20 | OK | |
r-release-linux-x86_64 | 1.2.1 | 5.07 | 62.30 | 67.37 | OK | |
r-release-macos-arm64 | 1.2.1 | 25.00 | OK | |||
r-release-macos-x86_64 | 1.2.1 | 40.00 | OK | |||
r-release-windows-x86_64 | 1.2.1 | 4.00 | 75.00 | 79.00 | OK | |
r-oldrel-macos-arm64 | 1.2.1 | 23.00 | OK | |||
r-oldrel-windows-x86_64 | 1.2.1 | 19.00 | 81.00 | 100.00 | OK |
Version: 1.2.1
Check: Rd cross-references
Result: NOTE
Undeclared packages ‘sfsmisc’, ‘mnormt’ in Rd xrefs
Flavor: r-devel-linux-x86_64-fedora-clang