CRAN Package Check Results for Package lmomPi

Last updated on 2024-06-16 00:58:24 CEST.

Flavor Version Tinstall Tcheck Ttotal Status Flags
r-devel-linux-x86_64-debian-clang 0.6.6 3.63 31.03 34.66 NOTE
r-devel-linux-x86_64-debian-gcc 0.6.6 2.55 23.85 26.40 NOTE
r-devel-linux-x86_64-fedora-clang 0.6.6 42.66 NOTE
r-devel-linux-x86_64-fedora-gcc 0.6.6 40.48 NOTE
r-devel-windows-x86_64 0.6.6 4.00 45.00 49.00 NOTE
r-patched-linux-x86_64 0.6.6 6.70 30.48 37.18 NOTE
r-release-linux-x86_64 0.6.6 3.26 29.43 32.69 NOTE
r-release-macos-arm64 0.6.6 18.00 NOTE
r-release-macos-x86_64 0.6.6 25.00 NOTE
r-release-windows-x86_64 0.6.6 4.00 47.00 51.00 NOTE
r-oldrel-macos-arm64 0.6.6 20.00 OK
r-oldrel-macos-x86_64 0.6.6 30.00 OK
r-oldrel-windows-x86_64 0.6.6 5.00 49.00 54.00 OK

Check Details

Version: 0.6.6
Check: Rd files
Result: NOTE checkRd: (-1) lmomPi-Package.Rd:9: Lost braces 9 | {\code{\link{cdf}}}{: generic distribution function; } | ^ checkRd: (-1) lmomPi-Package.Rd:10: Lost braces 10 | {\code{\link{qua}}}{: generic quantile function; } | ^ checkRd: (-1) lmomPi-Package.Rd:11: Lost braces 11 | {\code{\link{pel}}}{: fitting of probability distribution function through L-moments. } | ^ checkRd: (-1) lmomPi-Package.Rd:27: Lost braces; missing escapes or markup? 27 | The function \code{\link{spi.cdf}()} is compared against \code{SPEI::spi()} in SPEI package (\url{https://cran.r-project.org/package=SPEI}). The differences in SPI extimation have order of magnitude averagely about 10^{-8}, due to the different fitting methods implemented in the two packages. | ^ Flavors: r-devel-linux-x86_64-debian-clang, r-devel-linux-x86_64-debian-gcc, r-devel-linux-x86_64-fedora-clang, r-devel-linux-x86_64-fedora-gcc, r-devel-windows-x86_64, r-patched-linux-x86_64, r-release-linux-x86_64, r-release-macos-arm64, r-release-macos-x86_64, r-release-windows-x86_64