CRAN Package Check Results for Package lmtestrob

Last updated on 2024-05-26 15:49:54 CEST.

Flavor Version Tinstall Tcheck Ttotal Status Flags
r-devel-linux-x86_64-debian-clang 0.1 1.89 23.22 25.11 NOTE
r-devel-linux-x86_64-debian-gcc 0.1 1.54 18.58 20.12 NOTE
r-devel-linux-x86_64-fedora-clang 0.1 32.59 NOTE
r-devel-linux-x86_64-fedora-gcc 0.1 30.85 NOTE
r-devel-windows-x86_64 0.1 2.00 39.00 41.00 NOTE
r-patched-linux-x86_64 0.1 1.87 22.81 24.68 NOTE
r-release-linux-x86_64 0.1 1.96 22.20 24.16 NOTE
r-release-macos-arm64 0.1 15.00 NOTE
r-release-windows-x86_64 0.1 2.00 40.00 42.00 NOTE
r-oldrel-macos-arm64 0.1 15.00 OK
r-oldrel-macos-x86_64 0.1 29.00 OK
r-oldrel-windows-x86_64 0.1 3.00 40.00 43.00 OK

Check Details

Version: 0.1
Check: Rd files
Result: NOTE checkRd: (-1) robfmtest.Rd:24: Lost braces; missing escapes or markup? 24 | an optional data frame containing the variables in the model. If not found in data, the variables are taken from \code{environment(formula)}, typically the environment from which {robfmtest} is called. | ^ checkRd: (-1) robfmtest.Rd:37: Lost braces; missing escapes or markup? 37 | Since the classical tests including {resettest}, {raintest} and {harvtest} implemented in {lmtest} are not resistant to outliers and can become misleading even in the presence of one outlier, we provide a test which is resistant to outliers. The price to pay for robustness is a small loss of power, when the model holds exactly. | ^ checkRd: (-1) robfmtest.Rd:37: Lost braces; missing escapes or markup? 37 | Since the classical tests including {resettest}, {raintest} and {harvtest} implemented in {lmtest} are not resistant to outliers and can become misleading even in the presence of one outlier, we provide a test which is resistant to outliers. The price to pay for robustness is a small loss of power, when the model holds exactly. | ^ checkRd: (-1) robfmtest.Rd:37: Lost braces; missing escapes or markup? 37 | Since the classical tests including {resettest}, {raintest} and {harvtest} implemented in {lmtest} are not resistant to outliers and can become misleading even in the presence of one outlier, we provide a test which is resistant to outliers. The price to pay for robustness is a small loss of power, when the model holds exactly. | ^ checkRd: (-1) robfmtest.Rd:37: Lost braces; missing escapes or markup? 37 | Since the classical tests including {resettest}, {raintest} and {harvtest} implemented in {lmtest} are not resistant to outliers and can become misleading even in the presence of one outlier, we provide a test which is resistant to outliers. The price to pay for robustness is a small loss of power, when the model holds exactly. | ^ Flavors: r-devel-linux-x86_64-debian-clang, r-devel-linux-x86_64-debian-gcc, r-devel-linux-x86_64-fedora-clang, r-devel-linux-x86_64-fedora-gcc, r-devel-windows-x86_64, r-patched-linux-x86_64, r-release-linux-x86_64, r-release-macos-arm64, r-release-windows-x86_64