CRAN Package Check Results for Package loa

Last updated on 2024-07-14 08:48:25 CEST.

Flavor Version Tinstall Tcheck Ttotal Status Flags
r-devel-linux-x86_64-debian-clang 0.2.48.3 51.60 420.73 472.33 OK
r-devel-linux-x86_64-debian-gcc 0.2.48.3 38.95 297.53 336.48 OK
r-devel-linux-x86_64-fedora-clang 0.2.48.3 591.22 OK
r-devel-linux-x86_64-fedora-gcc 0.2.48.3 535.48 OK
r-devel-windows-x86_64 0.2.48.3 39.00 253.00 292.00 NOTE
r-patched-linux-x86_64 0.2.48.3 53.84 401.69 455.53 OK
r-release-linux-x86_64 0.2.48.3 45.85 401.86 447.71 OK
r-release-macos-arm64 0.2.48.3 119.00 OK
r-release-macos-x86_64 0.2.48.3 219.00 OK
r-release-windows-x86_64 0.2.48.3 40.00 254.00 294.00 OK
r-oldrel-macos-arm64 0.2.48.3 138.00 OK
r-oldrel-macos-x86_64 0.2.48.3 318.00 OK
r-oldrel-windows-x86_64 0.2.48.3 56.00 331.00 387.00 OK

Check Details

Version: 0.2.48.3
Check: Rd cross-references
Result: NOTE Found the following Rd file(s) with Rd \link{} targets missing package anchors: 1.1.loaPlot.Rd: lattice, levelplot, xyplot 1.2.loaMapPlot.Rd: RColorBrewer, xyplot, GetMap, openmap, coordinates, proj4string, spTransform, lattice, panel.xyplot, panel.levelplot 1.3.trianglePlot.Rd: xyplot, lattice 1.4.stackPlot.Rd: xyplot, panel.polygon, lattice 1.5.loaBarPlot.Rd: barchart, lattice 2.1.specialist.panels.Rd: lattice, levelplot, xyplot, vis.gam, panel.contourplot, lrect 2.2.specialist.panels.Rd: xyplot, lattice 2.3.specialist.panels.Rd: xyplot, lattice 2.4.specialist.panels.Rd: xyplot, lattice 4.1.panel.pal.Rd: lattice, xyplot 4.2.plot.structure.handlers.Rd: lattice, levelplot 4.3.lims.and.scales.handlers.Rd: xyplot, lattice 4.4.cond.handers.Rd: lattice, xyplot, panel.xyplot, panel.levelplot 4.5.plot.argument.handlers.Rd: lattice, levelplot, RColorBrewer, xyplot 4.6.key.handlers.Rd: lattice, xyplot 4.7.other.panel.functions.Rd: lattice, xyplot 4.8.list.handlers.Rd: lattice, xyplot 4.9.loa.shapes.Rd: lrect, lattice 5.1.plot.interactives.Rd: trellis.focus, lpoints, XY2LatLon, lattice loa-package.Rd: lattice Please provide package anchors for all Rd \link{} targets not in the package itself and the base packages. Flavor: r-devel-windows-x86_64