Last updated on 2023-06-04 08:57:13 CEST.
Flavor | Version | Tinstall | Tcheck | Ttotal | Status | Flags |
---|---|---|---|---|---|---|
r-devel-linux-x86_64-debian-clang | 1.0 | 39.29 | 83.94 | 123.23 | NOTE | |
r-devel-linux-x86_64-debian-gcc | 1.0 | 30.71 | 64.32 | 95.03 | NOTE | |
r-devel-linux-x86_64-fedora-clang | 1.0 | 166.47 | NOTE | |||
r-devel-linux-x86_64-fedora-gcc | 1.0 | 160.80 | NOTE | |||
r-devel-windows-x86_64 | 1.0 | 30.00 | 95.00 | 125.00 | NOTE | |
r-patched-linux-x86_64 | 1.0 | 30.64 | 83.14 | 113.78 | NOTE | |
r-release-linux-x86_64 | 1.0 | 32.62 | 83.71 | 116.33 | NOTE | |
r-release-macos-arm64 | 1.0 | 48.00 | NOTE | |||
r-release-macos-x86_64 | 1.0 | 75.00 | NOTE | |||
r-release-windows-x86_64 | 1.0 | 39.00 | 104.00 | 143.00 | NOTE | |
r-oldrel-macos-arm64 | 1.0 | 42.00 | OK | |||
r-oldrel-macos-x86_64 | 1.0 | 53.00 | OK | |||
r-oldrel-windows-x86_64 | 1.0 | 38.00 | 108.00 | 146.00 | OK |
Version: 1.0
Check: C++ specification
Result: NOTE
Specified C++11: please drop specification unless essential
Flavors: r-devel-linux-x86_64-debian-clang, r-devel-linux-x86_64-debian-gcc, r-devel-linux-x86_64-fedora-clang, r-devel-linux-x86_64-fedora-gcc, r-devel-windows-x86_64, r-patched-linux-x86_64, r-release-linux-x86_64, r-release-macos-arm64, r-release-macos-x86_64, r-release-windows-x86_64