CRAN Package Check Results for Package logbin

Last updated on 2021-06-20 12:50:14 CEST.

Flavor Version Tinstall Tcheck Ttotal Status Flags
r-devel-linux-x86_64-debian-clang 2.0.4 10.44 96.68 107.12 NOTE
r-devel-linux-x86_64-debian-gcc 2.0.4 8.86 72.62 81.48 NOTE
r-devel-linux-x86_64-fedora-clang 2.0.4 135.48 NOTE
r-devel-linux-x86_64-fedora-gcc 2.0.4 125.16 NOTE
r-devel-windows-x86_64 2.0.4 18.00 89.00 107.00 NOTE
r-devel-windows-x86_64-gcc10-UCRT 2.0.4 NOTE
r-patched-linux-x86_64 2.0.4 13.95 91.90 105.85 NOTE
r-patched-solaris-x86 2.0.4 172.00 NOTE
r-release-linux-x86_64 2.0.4 10.03 93.13 103.16 NOTE
r-release-macos-arm64 2.0.4 NOTE
r-release-macos-x86_64 2.0.4 NOTE
r-release-windows-ix86+x86_64 2.0.4 24.00 84.00 108.00 NOTE
r-oldrel-macos-x86_64 2.0.4 OK
r-oldrel-windows-ix86+x86_64 2.0.4 17.00 113.00 130.00 OK

Check Details

Version: 2.0.4
Check: LazyData
Result: NOTE
     'LazyData' is specified without a 'data' directory
Flavors: r-devel-linux-x86_64-debian-clang, r-devel-linux-x86_64-debian-gcc, r-devel-linux-x86_64-fedora-clang, r-devel-linux-x86_64-fedora-gcc, r-devel-windows-x86_64, r-devel-windows-x86_64-gcc10-UCRT, r-patched-linux-x86_64, r-patched-solaris-x86, r-release-linux-x86_64, r-release-macos-arm64, r-release-macos-x86_64, r-release-windows-ix86+x86_64