CRAN Package Check Results for Package logib

Last updated on 2022-08-15 16:54:32 CEST.

Flavor Version Tinstall Tcheck Ttotal Status Flags
r-devel-linux-x86_64-debian-clang 0.1.2 3.09 28.48 31.57 OK
r-devel-linux-x86_64-debian-gcc 0.1.2 2.47 22.07 24.54 OK
r-devel-linux-x86_64-fedora-clang 0.1.2 48.69 NOTE
r-devel-linux-x86_64-fedora-gcc 0.1.2 46.75 NOTE
r-devel-windows-x86_64 0.1.2 16.00 52.00 68.00 OK
r-patched-linux-x86_64 0.1.2 3.48 26.84 30.32 OK
r-release-linux-x86_64 0.1.2 2.24 27.29 29.53 OK
r-release-macos-arm64 0.1.2 16.00 NOTE
r-release-macos-x86_64 0.1.2 33.00 NOTE
r-release-windows-x86_64 0.1.2 12.00 52.00 64.00 OK
r-oldrel-macos-arm64 0.1.2 21.00 NOTE
r-oldrel-macos-x86_64 0.1.2 23.00 NOTE
r-oldrel-windows-ix86+x86_64 0.1.2 7.00 52.00 59.00 OK

Check Details

Version: 0.1.2
Check: data for non-ASCII characters
Result: NOTE
     Note: found 12 marked UTF-8 strings
Flavors: r-devel-linux-x86_64-fedora-clang, r-devel-linux-x86_64-fedora-gcc, r-release-macos-arm64, r-release-macos-x86_64, r-oldrel-macos-arm64, r-oldrel-macos-x86_64