Last updated on 2024-08-13 17:48:17 CEST.
Flavor | Version | Tinstall | Tcheck | Ttotal | Status | Flags |
---|---|---|---|---|---|---|
r-devel-linux-x86_64-debian-clang | 0.2 | 3.12 | 49.49 | 52.61 | OK | |
r-devel-linux-x86_64-debian-gcc | 0.2 | 2.63 | 36.53 | 39.16 | OK | |
r-devel-linux-x86_64-fedora-clang | 0.2 | 88.45 | NOTE | |||
r-devel-linux-x86_64-fedora-gcc | 0.2 | 98.12 | NOTE | |||
r-devel-windows-x86_64 | 0.2 | 7.00 | 81.00 | 88.00 | OK | |
r-patched-linux-x86_64 | 0.2 | 3.95 | 48.61 | 52.56 | OK | |
r-release-linux-x86_64 | 0.2 | 3.06 | 48.70 | 51.76 | OK | |
r-release-macos-arm64 | 0.2 | 38.00 | OK | |||
r-release-macos-x86_64 | 0.2 | 68.00 | OK | |||
r-release-windows-x86_64 | 0.2 | 8.00 | 82.00 | 90.00 | OK | |
r-oldrel-macos-arm64 | 0.2 | 42.00 | OK | |||
r-oldrel-macos-x86_64 | 0.2 | 63.00 | OK | |||
r-oldrel-windows-x86_64 | 0.2 | 8.00 | 86.00 | 94.00 | OK |
Version: 0.2
Check: compiled code
Result: NOTE
File ‘logisticPCA/libs/logisticPCA.so’:
Found no calls to: ‘R_registerRoutines’, ‘R_useDynamicSymbols’
It is good practice to register native routines and to disable symbol
search.
See ‘Writing portable packages’ in the ‘Writing R Extensions’ manual.
Flavors: r-devel-linux-x86_64-fedora-clang, r-devel-linux-x86_64-fedora-gcc