Last updated on 2024-04-23 16:58:20 CEST.
Flavor | Version | Tinstall | Tcheck | Ttotal | Status | Flags |
---|---|---|---|---|---|---|
r-devel-linux-x86_64-debian-clang | 1.1.1 | 7.11 | 175.26 | 182.37 | NOTE | |
r-devel-linux-x86_64-debian-gcc | 1.1.1 | 5.26 | 141.73 | 146.99 | NOTE | |
r-devel-linux-x86_64-fedora-clang | 1.1.1 | 236.13 | NOTE | |||
r-devel-linux-x86_64-fedora-gcc | 1.1.1 | 252.69 | NOTE | |||
r-prerel-macos-arm64 | 1.1.1 | 92.00 | NOTE | |||
r-prerel-windows-x86_64 | 1.1.1 | 7.00 | 197.00 | 204.00 | NOTE | |
r-patched-linux-x86_64 | 1.1.1 | 4.38 | 174.32 | 178.70 | NOTE | |
r-release-linux-x86_64 | 1.1.1 | 3.89 | 171.30 | 175.19 | OK | |
r-release-macos-arm64 | 1.1.1 | 88.00 | OK | |||
r-release-macos-x86_64 | 1.1.1 | 161.00 | OK | |||
r-release-windows-x86_64 | 1.1.1 | 8.00 | 241.00 | 249.00 | OK | |
r-oldrel-macos-arm64 | 1.1.1 | 82.00 | OK | |||
r-oldrel-windows-x86_64 | 1.1.1 | 8.00 | 240.00 | 248.00 | OK |
Version: 1.1.1
Check: Rd files
Result: NOTE
checkRd: (-1) apolloModeChoiceData.Rd:6: Lost braces; missing escapes or markup?
6 | \title{Simulated SP dataset of mode choice (from the {apollo} package).}
| ^
checkRd: (-1) electricity.Rd:6: Lost braces; missing escapes or markup?
6 | \title{Stated preference data for the choice of electricity suppliers (from {mlogit} package)}
| ^
checkRd: (-1) runtimes.Rd:24: Lost braces; missing escapes or markup?
24 | using the following R packages: {logitr}, {mixl}, {mlogit}, {gmnl}, and
| ^
checkRd: (-1) runtimes.Rd:24: Lost braces; missing escapes or markup?
24 | using the following R packages: {logitr}, {mixl}, {mlogit}, {gmnl}, and
| ^
checkRd: (-1) runtimes.Rd:24: Lost braces; missing escapes or markup?
24 | using the following R packages: {logitr}, {mixl}, {mlogit}, {gmnl}, and
| ^
checkRd: (-1) runtimes.Rd:24: Lost braces; missing escapes or markup?
24 | using the following R packages: {logitr}, {mixl}, {mlogit}, {gmnl}, and
| ^
checkRd: (-1) runtimes.Rd:25: Lost braces; missing escapes or markup?
25 | {apollo}. The run times are exported from the Google colab notebook here:
| ^
Flavors: r-devel-linux-x86_64-debian-clang, r-devel-linux-x86_64-debian-gcc, r-devel-linux-x86_64-fedora-clang, r-devel-linux-x86_64-fedora-gcc, r-prerel-macos-arm64, r-prerel-windows-x86_64, r-patched-linux-x86_64