Last updated on 2024-03-28 23:55:11 CET.
Flavor | Version | Tinstall | Tcheck | Ttotal | Status | Flags |
---|---|---|---|---|---|---|
r-devel-linux-x86_64-debian-clang | 0.31 | 3.07 | 36.87 | 39.94 | NOTE | |
r-devel-linux-x86_64-debian-gcc | 0.31 | 2.87 | 28.01 | 30.88 | NOTE | |
r-devel-linux-x86_64-fedora-clang | 0.31 | 49.54 | NOTE | |||
r-devel-linux-x86_64-fedora-gcc | 0.31 | 48.21 | NOTE | |||
r-devel-windows-x86_64 | 0.31 | 4.00 | 50.00 | 54.00 | NOTE | |
r-patched-linux-x86_64 | 0.31 | 3.21 | 36.41 | 39.62 | NOTE | |
r-release-linux-x86_64 | 0.31 | 3.41 | 35.73 | 39.14 | OK | |
r-release-macos-arm64 | 0.31 | 19.00 | OK | |||
r-release-macos-x86_64 | 0.31 | 27.00 | OK | |||
r-release-windows-x86_64 | 0.31 | 5.00 | 54.00 | 59.00 | OK | |
r-oldrel-macos-arm64 | 0.31 | 22.00 | OK | |||
r-oldrel-windows-x86_64 | 0.31 | 5.00 | 61.00 | 66.00 | OK |
Version: 0.31
Check: Rd contents
Result: NOTE
Argument items with no description in Rd file 'norpt.Rd':
‘alist’
Flavors: r-devel-linux-x86_64-debian-clang, r-devel-linux-x86_64-debian-gcc, r-devel-linux-x86_64-fedora-clang, r-devel-linux-x86_64-fedora-gcc, r-devel-windows-x86_64, r-patched-linux-x86_64