CRAN Package Check Results for Package longevity

Last updated on 2024-07-20 16:49:07 CEST.

Flavor Version Tinstall Tcheck Ttotal Status Flags
r-devel-linux-x86_64-debian-clang 1.1 38.32 134.66 172.98 OK
r-devel-linux-x86_64-debian-gcc 1.1 26.59 100.27 126.86 OK
r-devel-linux-x86_64-fedora-clang 1.1.1 238.25 OK
r-devel-linux-x86_64-fedora-gcc 1.1.1 245.91 OK
r-devel-windows-x86_64 1.1.1 38.00 157.00 195.00 OK
r-patched-linux-x86_64 1.1 38.96 130.29 169.25 OK
r-release-linux-x86_64 1.1 45.13 130.86 175.99 OK
r-release-macos-arm64 1.1.1 85.00 NOTE
r-release-macos-x86_64 1.1.1 246.00 NOTE
r-release-windows-x86_64 1.1 40.00 139.00 179.00 OK
r-oldrel-macos-arm64 1.1.1 79.00 NOTE
r-oldrel-macos-x86_64 1.1.1 217.00 NOTE
r-oldrel-windows-x86_64 1.1 53.00 168.00 221.00 OK

Additional issues

ATLAS

Check Details

Version: 1.1.1
Check: installed package size
Result: NOTE installed size is 6.5Mb sub-directories of 1Mb or more: data 4.0Mb libs 1.8Mb Flavors: r-release-macos-arm64, r-release-macos-x86_64, r-oldrel-macos-arm64, r-oldrel-macos-x86_64