Last updated on 2024-04-25 00:56:03 CEST.
Flavor | Version | Tinstall | Tcheck | Ttotal | Status | Flags |
---|---|---|---|---|---|---|
r-devel-linux-x86_64-debian-clang | 0.1.0 | 13.16 | 108.21 | 121.37 | OK | |
r-devel-linux-x86_64-debian-gcc | 0.1.0 | 9.35 | 79.98 | 89.33 | OK | |
r-devel-linux-x86_64-fedora-clang | 0.1.0 | 147.36 | NOTE | |||
r-devel-linux-x86_64-fedora-gcc | 0.1.0 | 140.03 | NOTE | |||
r-devel-windows-x86_64 | 0.1.0 | 12.00 | 93.00 | 105.00 | OK | |
r-patched-linux-x86_64 | 0.1.0 | 8.81 | 102.81 | 111.62 | OK | |
r-release-linux-x86_64 | 0.1.0 | 9.83 | 105.47 | 115.30 | OK | |
r-release-macos-arm64 | 0.1.0 | 41.00 | OK | |||
r-release-windows-x86_64 | 0.1.0 | 10.00 | 92.00 | 102.00 | OK | |
r-oldrel-macos-arm64 | 0.1.0 | 48.00 | OK | |||
r-oldrel-macos-x86_64 | 0.1.0 | 63.00 | OK | |||
r-oldrel-windows-x86_64 | 0.1.0 | 15.00 | 112.00 | 127.00 | OK |
Version: 0.1.0
Check: dependencies in R code
Result: NOTE
Namespace in Imports field not imported from: ‘utils’
All declared Imports should be used.
Flavors: r-devel-linux-x86_64-fedora-clang, r-devel-linux-x86_64-fedora-gcc