CRAN Package Check Results for Package loon.tourr

Last updated on 2023-01-28 00:52:53 CET.

Flavor Version Tinstall Tcheck Ttotal Status Flags
r-devel-linux-x86_64-debian-clang 0.1.3 9.26 135.22 144.48 OK
r-devel-linux-x86_64-debian-gcc 0.1.3 7.81 98.00 105.81 OK
r-devel-linux-x86_64-fedora-clang 0.1.3 179.16 OK
r-devel-linux-x86_64-fedora-gcc 0.1.3 184.16 OK
r-devel-windows-x86_64 0.1.3 48.00 161.00 209.00 ERROR
r-patched-linux-x86_64 0.1.3 18.77 141.73 160.50 OK
r-release-linux-x86_64 0.1.3 10.20 140.10 150.30 OK
r-release-macos-arm64 0.1.3 108.00 OK
r-release-macos-x86_64 0.1.3 160.00 OK
r-release-windows-x86_64 0.1.3 75.00 174.00 249.00 OK
r-oldrel-macos-arm64 0.1.3 85.00 OK
r-oldrel-macos-x86_64 0.1.3 126.00 OK
r-oldrel-windows-ix86+x86_64 0.1.3 21.00 160.00 181.00 OK

Check Details

Version: 0.1.3
Check: tests
Result: ERROR
     Running 'testthat.R' [38s]
    Running the tests in 'tests/testthat.R' failed.
    Complete output:
     > library(testthat)
     > library(loon.tourr)
     Loading required package: tcltk
     Loading required package: loon
     loon Version 1.4.0.
     To learn more about loon, see l_web().
     Loading required package: tourr
    
     Attaching package: 'tourr'
    
     The following object is masked from 'package:loon':
    
     olive
    
     Registered S3 method overwritten by 'loon.tourr':
     method from
     l_getPlots.l_compound loon
     >
     > testthat::test_check("loon.tourr")
     [ FAIL 1 | WARN 0 | SKIP 0 | PASS 63 ]
    
     ══ Failed tests ════════════════════════════════════════════════════════════════
     ── Error ('test_callback_functions.R:192'): test callback l_pairs ──────────────
     Error in `if (dist < 0.01) {
     return(NULL)
     }`: missing value where TRUE/FALSE needed
     Backtrace:
     ▆
     1. └─loon.tourr:::interpolate_list(...) at test_callback_functions.R:192:2
     2. ├─loon.tourr:::quiet(tour_path(start, data))
     3. │ └─base::force(x)
     4. └─tourr (local) tour_path(start, data)
    
     [ FAIL 1 | WARN 0 | SKIP 0 | PASS 63 ]
     Error: Test failures
     Execution halted
Flavor: r-devel-windows-x86_64