CRAN Package Check Results for Package lorentz

Last updated on 2021-10-17 16:49:29 CEST.

Flavor Version Tinstall Tcheck Ttotal Status Flags
r-devel-linux-x86_64-debian-clang 1.0-5 3.38 46.30 49.68 NOTE
r-devel-linux-x86_64-debian-gcc 1.0-5 2.52 36.56 39.08 NOTE
r-devel-linux-x86_64-fedora-clang 1.0-5 72.51 NOTE
r-devel-linux-x86_64-fedora-gcc 1.0-5 61.02 NOTE
r-devel-windows-x86_64 1.0-5 6.00 72.00 78.00 NOTE
r-devel-windows-x86_64-gcc10-UCRT 1.0-5 NOTE
r-patched-linux-x86_64 1.0-5 3.30 44.88 48.18 NOTE
r-patched-solaris-x86 1.0-5 90.10 NOTE
r-release-linux-x86_64 1.0-5 2.84 44.78 47.62 NOTE
r-release-macos-arm64 1.0-5 NOTE
r-release-macos-x86_64 1.0-5 NOTE
r-release-windows-ix86+x86_64 1.0-5 5.00 73.00 78.00 NOTE
r-oldrel-macos-x86_64 1.0-5 OK
r-oldrel-windows-ix86+x86_64 1.0-5 8.00 81.00 89.00 OK

Check Details

Version: 1.0-5
Check: LazyData
Result: NOTE
     'LazyData' is specified without a 'data' directory
Flavors: r-devel-linux-x86_64-debian-clang, r-devel-linux-x86_64-debian-gcc, r-devel-linux-x86_64-fedora-clang, r-devel-linux-x86_64-fedora-gcc, r-devel-windows-x86_64, r-devel-windows-x86_64-gcc10-UCRT, r-patched-linux-x86_64, r-patched-solaris-x86, r-release-linux-x86_64, r-release-macos-arm64, r-release-macos-x86_64, r-release-windows-ix86+x86_64