CRAN Package Check Results for Package lorenz

Last updated on 2024-07-23 00:54:31 CEST.

Flavor Version Tinstall Tcheck Ttotal Status Flags
r-devel-linux-x86_64-debian-clang 0.1.0 3.18 26.89 30.07 NOTE
r-devel-linux-x86_64-debian-gcc 0.1.0 1.97 20.14 22.11 NOTE
r-devel-linux-x86_64-fedora-clang 0.1.0 38.57 NOTE
r-devel-linux-x86_64-fedora-gcc 0.1.0 34.66 NOTE
r-devel-windows-x86_64 0.1.0 5.00 43.00 48.00 NOTE
r-patched-linux-x86_64 0.1.0 1.79 25.78 27.57 NOTE
r-release-linux-x86_64 0.1.0 1.79 25.54 27.33 NOTE
r-release-macos-arm64 0.1.0 16.00 NOTE
r-release-macos-x86_64 0.1.0 23.00 NOTE
r-release-windows-x86_64 0.1.0 4.00 41.00 45.00 NOTE
r-oldrel-macos-arm64 0.1.0 18.00 NOTE
r-oldrel-macos-x86_64 0.1.0 22.00 NOTE
r-oldrel-windows-x86_64 0.1.0 5.00 43.00 48.00 NOTE

Check Details

Version: 0.1.0
Check: LazyData
Result: NOTE 'LazyData' is specified without a 'data' directory Flavors: r-devel-linux-x86_64-debian-clang, r-devel-linux-x86_64-debian-gcc, r-devel-linux-x86_64-fedora-clang, r-devel-linux-x86_64-fedora-gcc, r-devel-windows-x86_64, r-patched-linux-x86_64, r-release-linux-x86_64, r-release-macos-arm64, r-release-macos-x86_64, r-release-windows-x86_64, r-oldrel-macos-arm64, r-oldrel-macos-x86_64, r-oldrel-windows-x86_64