Last updated on 2023-12-01 08:51:55 CET.
Flavor | Version | Tinstall | Tcheck | Ttotal | Status | Flags |
---|---|---|---|---|---|---|
r-devel-linux-x86_64-debian-clang | 5.6.19 | 36.87 | 23.07 | 59.94 | WARN | |
r-devel-linux-x86_64-debian-gcc | 5.6.19 | 25.11 | 18.09 | 43.20 | OK | |
r-devel-linux-x86_64-fedora-clang | 5.6.19 | 70.88 | WARN | |||
r-devel-linux-x86_64-fedora-gcc | 5.6.19 | 86.37 | OK | |||
r-devel-windows-x86_64 | 5.6.19 | 65.00 | 45.00 | 110.00 | OK | |
r-patched-linux-x86_64 | 5.6.19 | 37.44 | 22.48 | 59.92 | OK | |
r-release-linux-x86_64 | 5.6.19 | 34.77 | 22.58 | 57.35 | OK | |
r-release-macos-arm64 | 5.6.19 | 38.00 | OK | |||
r-release-macos-x86_64 | 5.6.19 | 51.00 | OK | |||
r-release-windows-x86_64 | 5.6.19 | 74.00 | 46.00 | 120.00 | OK | |
r-oldrel-macos-arm64 | 5.6.19 | 30.00 | OK | |||
r-oldrel-macos-x86_64 | 5.6.19 | 51.00 | OK | |||
r-oldrel-windows-x86_64 | 5.6.19 | 86.00 | 48.00 | 134.00 | OK |
Version: 5.6.19
Check: whether package can be installed
Result: WARN
Found the following significant warnings:
hbio.c:1629:11: warning: format string is not a string literal (potentially insecure) [-Wformat-security]
See ‘/home/hornik/tmp/R.check/r-devel-clang/Work/PKGS/lpSolve.Rcheck/00install.out’ for details.
* used C compiler: ‘Debian clang version 17.0.5 (1)’
Flavor: r-devel-linux-x86_64-debian-clang
Version: 5.6.19
Check: whether package can be installed
Result: WARN
Found the following significant warnings:
hbio.c:1629:11: warning: format string is not a string literal (potentially insecure) [-Wformat-security]
See ‘/data/gannet/ripley/R/packages/tests-clang/lpSolve.Rcheck/00install.out’ for details.
* used C compiler: ‘clang version 17.0.5’
Flavor: r-devel-linux-x86_64-fedora-clang