CRAN Package Check Results for Package lrequire

Last updated on 2024-06-05 00:48:51 CEST.

Flavor Version Tinstall Tcheck Ttotal Status Flags
r-devel-linux-x86_64-debian-clang 0.1.3 1.66 23.37 25.03 NOTE
r-devel-linux-x86_64-debian-gcc 0.1.3 1.55 18.42 19.97 NOTE
r-devel-linux-x86_64-fedora-clang 0.1.3 32.30 NOTE
r-devel-linux-x86_64-fedora-gcc 0.1.3 30.06 NOTE
r-devel-windows-x86_64 0.1.3 3.00 43.00 46.00 NOTE
r-patched-linux-x86_64 0.1.3 2.01 23.17 25.18 NOTE
r-release-linux-x86_64 0.1.3 2.16 23.04 25.20 NOTE
r-release-macos-arm64 0.1.3 16.00 NOTE
r-release-windows-x86_64 0.1.3 2.00 43.00 45.00 NOTE
r-oldrel-macos-arm64 0.1.3 16.00 NOTE
r-oldrel-macos-x86_64 0.1.3 21.00 NOTE
r-oldrel-windows-x86_64 0.1.3 3.00 43.00 46.00 NOTE

Check Details

Version: 0.1.3
Check: LazyData
Result: NOTE 'LazyData' is specified without a 'data' directory Flavors: r-devel-linux-x86_64-debian-clang, r-devel-linux-x86_64-debian-gcc, r-devel-linux-x86_64-fedora-clang, r-devel-linux-x86_64-fedora-gcc, r-devel-windows-x86_64, r-patched-linux-x86_64, r-release-linux-x86_64, r-release-macos-arm64, r-release-windows-x86_64, r-oldrel-macos-arm64, r-oldrel-macos-x86_64, r-oldrel-windows-x86_64