Last updated on 2023-11-28 16:48:23 CET.
Flavor | Version | Tinstall | Tcheck | Ttotal | Status | Flags |
---|---|---|---|---|---|---|
r-devel-linux-x86_64-debian-clang | 0.2.0 | 129.58 | 189.95 | 319.53 | OK | |
r-devel-linux-x86_64-debian-gcc | 0.2.0 | 83.47 | 136.53 | 220.00 | OK | |
r-devel-linux-x86_64-fedora-clang | 0.2.1 | 462.32 | OK | |||
r-devel-linux-x86_64-fedora-gcc | 0.2.1 | 476.63 | OK | |||
r-devel-windows-x86_64 | 0.2.0 | 60.00 | 270.00 | 330.00 | OK | |
r-patched-linux-x86_64 | 0.2.0 | 97.75 | 179.33 | 277.08 | OK | |
r-release-linux-x86_64 | 0.2.0 | 95.72 | 183.89 | 279.61 | OK | |
r-release-macos-arm64 | 0.2.0 | 199.00 | NOTE | |||
r-release-macos-x86_64 | 0.2.0 | 218.00 | NOTE | |||
r-release-windows-x86_64 | 0.2.0 | 72.00 | 295.00 | 367.00 | OK | |
r-oldrel-macos-arm64 | 0.2.0 | 99.00 | NOTE | |||
r-oldrel-macos-x86_64 | 0.2.0 | 137.00 | NOTE | |||
r-oldrel-windows-x86_64 | 0.2.0 | 84.00 | 287.00 | 371.00 | OK |
Version: 0.2.0
Check: installed package size
Result: NOTE
installed size is 12.7Mb
sub-directories of 1Mb or more:
libs 12.1Mb
Flavors: r-release-macos-arm64, r-release-macos-x86_64, r-oldrel-macos-arm64, r-oldrel-macos-x86_64