Last updated on 2024-04-24 00:55:48 CEST.
Flavor | Version | Tinstall | Tcheck | Ttotal | Status | Flags |
---|---|---|---|---|---|---|
r-devel-linux-x86_64-debian-clang | 0.1 | 2.37 | 34.56 | 36.93 | NOTE | |
r-devel-linux-x86_64-debian-gcc | 0.1 | 1.82 | 26.24 | 28.06 | NOTE | |
r-devel-linux-x86_64-fedora-clang | 0.1 | 47.31 | NOTE | |||
r-devel-linux-x86_64-fedora-gcc | 0.1 | 44.72 | NOTE | |||
r-prerel-macos-arm64 | 0.1 | 20.00 | NOTE | |||
r-prerel-windows-x86_64 | 0.1 | 3.00 | 53.00 | 56.00 | NOTE | |
r-patched-linux-x86_64 | 0.1 | 2.06 | 33.76 | 35.82 | NOTE | |
r-release-linux-x86_64 | 0.1 | 2.05 | 33.24 | 35.29 | NOTE | |
r-release-macos-arm64 | 0.1 | 22.00 | NOTE | |||
r-release-macos-x86_64 | 0.1 | 28.00 | NOTE | |||
r-release-windows-x86_64 | 0.1 | 4.00 | 54.00 | 58.00 | NOTE | |
r-oldrel-macos-arm64 | 0.1 | 24.00 | NOTE | |||
r-oldrel-windows-x86_64 | 0.1 | 4.00 | 59.00 | 63.00 | NOTE |
Version: 0.1
Check: LazyData
Result: NOTE
'LazyData' is specified without a 'data' directory
Flavors: r-devel-linux-x86_64-debian-clang, r-devel-linux-x86_64-debian-gcc, r-devel-linux-x86_64-fedora-clang, r-devel-linux-x86_64-fedora-gcc, r-prerel-macos-arm64, r-prerel-windows-x86_64, r-patched-linux-x86_64, r-release-linux-x86_64, r-release-macos-arm64, r-release-macos-x86_64, r-release-windows-x86_64, r-oldrel-macos-arm64, r-oldrel-windows-x86_64
Version: 0.1
Check: dependencies in R code
Result: NOTE
Namespace in Imports field not imported from: ‘Matrix’
All declared Imports should be used.
Flavors: r-devel-linux-x86_64-fedora-clang, r-devel-linux-x86_64-fedora-gcc, r-oldrel-macos-arm64