Last updated on 2023-09-22 05:53:43 CEST.
Flavor | Version | Tinstall | Tcheck | Ttotal | Status | Flags |
---|---|---|---|---|---|---|
r-devel-linux-x86_64-debian-clang | 1.3.1 | 709.70 | 397.06 | 1106.76 | OK | |
r-devel-linux-x86_64-debian-gcc | 1.3.1 | 509.01 | 282.61 | 791.62 | OK | |
r-devel-linux-x86_64-fedora-clang | 1.3.1 | 1529.90 | OK | |||
r-devel-linux-x86_64-fedora-gcc | 1.3.1 | 1733.44 | OK | |||
r-devel-windows-x86_64 | 1.3.1 | 503.00 | 363.00 | 866.00 | OK | |
r-patched-linux-x86_64 | 1.3.1 | 551.73 | 347.00 | 898.73 | OK | |
r-release-linux-x86_64 | 1.3.1 | 522.44 | 338.57 | 861.01 | OK | |
r-release-macos-arm64 | 1.3.1 | 287.00 | NOTE | |||
r-release-macos-x86_64 | 1.3.1 | 468.00 | NOTE | |||
r-release-windows-x86_64 | 1.3.1 | 669.00 | 444.00 | 1113.00 | OK | |
r-oldrel-macos-arm64 | 1.3.1 | 270.00 | NOTE | |||
r-oldrel-macos-x86_64 | 1.3.1 | 493.00 | NOTE | |||
r-oldrel-windows-x86_64 | 1.3.1 | 661.00 | 404.00 | 1065.00 | OK |
Version: 1.3.1
Check: installed package size
Result: NOTE
installed size is 16.4Mb
sub-directories of 1Mb or more:
libs 15.7Mb
Flavors: r-release-macos-arm64, r-release-macos-x86_64, r-oldrel-macos-arm64, r-oldrel-macos-x86_64