Last updated on 2022-06-25 00:50:50 CEST.
Flavor | Version | Tinstall | Tcheck | Ttotal | Status | Flags |
---|---|---|---|---|---|---|
r-devel-linux-x86_64-debian-clang | 0.1.0 | 87.51 | 172.23 | 259.74 | OK | |
r-devel-linux-x86_64-debian-gcc | 0.1.0 | 71.23 | 130.73 | 201.96 | OK | |
r-devel-linux-x86_64-fedora-clang | 0.1.0 | 356.66 | OK | |||
r-devel-linux-x86_64-fedora-gcc | 0.1.0 | 336.17 | OK | |||
r-devel-windows-x86_64 | 0.1.0 | 74.00 | 224.00 | 298.00 | OK | |
r-patched-linux-x86_64 | 0.1.0 | 79.00 | 167.14 | 246.14 | OK | |
r-release-linux-x86_64 | 0.1.0 | 75.81 | 171.37 | 247.18 | OK | |
r-release-macos-arm64 | 0.1.0 | 101.00 | OK | |||
r-release-macos-x86_64 | 0.1.0 | 122.00 | OK | |||
r-release-windows-x86_64 | 0.1.0 | 78.00 | 223.00 | 301.00 | OK | |
r-oldrel-macos-arm64 | 0.1.0 | 102.00 | NOTE | |||
r-oldrel-macos-x86_64 | 0.1.0 | 186.00 | OK | |||
r-oldrel-windows-ix86+x86_64 | 0.1.0 | 217.00 | 250.00 | 467.00 | OK |
Version: 0.1.0
Check: installed package size
Result: NOTE
installed size is 5.6Mb
sub-directories of 1Mb or more:
libs 5.2Mb
Flavor: r-oldrel-macos-arm64