CRAN Package Check Results for Package lvplot

Last updated on 2023-12-03 00:56:48 CET.

Flavor Version Tinstall Tcheck Ttotal Status Flags
r-devel-linux-x86_64-debian-clang 0.2.1 51.26 67.78 119.04 NOTE
r-devel-linux-x86_64-debian-gcc 0.2.1 45.96 50.64 96.60 NOTE
r-devel-linux-x86_64-fedora-clang 0.2.1 157.05 NOTE
r-devel-linux-x86_64-fedora-gcc 0.2.1 153.95 NOTE
r-devel-windows-x86_64 0.2.1 45.00 73.00 118.00 NOTE
r-patched-linux-x86_64 0.2.1 57.50 65.86 123.36 NOTE
r-release-linux-x86_64 0.2.1 50.53 63.62 114.15 NOTE
r-release-macos-arm64 0.2.1 70.00 NOTE
r-release-macos-x86_64 0.2.1 92.00 NOTE
r-release-windows-x86_64 0.2.1 61.00 80.00 141.00 NOTE
r-oldrel-macos-arm64 0.2.1 66.00 OK
r-oldrel-macos-x86_64 0.2.1 72.00 OK
r-oldrel-windows-x86_64 0.2.1 62.00 86.00 148.00 NOTE

Check Details

Version: 0.2.1
Check: package dependencies
Result: NOTE Package suggested but not available for checking: ‘depth’ Flavors: r-devel-linux-x86_64-debian-clang, r-devel-linux-x86_64-debian-gcc, r-devel-linux-x86_64-fedora-clang, r-devel-linux-x86_64-fedora-gcc, r-devel-windows-x86_64, r-patched-linux-x86_64, r-release-linux-x86_64, r-release-macos-arm64, r-release-macos-x86_64, r-release-windows-x86_64, r-oldrel-windows-x86_64

Version: 0.2.1
Check: Rd files
Result: NOTE checkRd: (-1) geom_lv.Rd:101: Lost braces; missing escapes or markup? 101 | determines whether the width of the box for letter value LV(i) should be proportional to i (linear), proportional to $2^{-i}$ (height), or whether | ^ checkRd: (-1) geom_lv.Rd:102: Lost braces; missing escapes or markup? 102 | the area of the box should be proportional to $2^{-i}$ (area).} | ^ Flavors: r-devel-linux-x86_64-debian-clang, r-devel-linux-x86_64-debian-gcc