CRAN Package Check Results for Package m2r

Last updated on 2021-10-26 04:27:19 CEST.

Flavor Version Tinstall Tcheck Ttotal Status Flags
r-devel-linux-x86_64-debian-clang 1.0.2 28.71 69.97 98.68 NOTE
r-devel-linux-x86_64-debian-gcc 1.0.2 20.77 52.20 72.97 NOTE
r-devel-linux-x86_64-fedora-clang 1.0.2 145.77 NOTE
r-devel-linux-x86_64-fedora-gcc 1.0.2 129.48 NOTE
r-devel-windows-x86_64 1.0.2 41.00 106.00 147.00 NOTE
r-devel-windows-x86_64-gcc10-UCRT 1.0.2 NOTE
r-patched-linux-x86_64 1.0.2 28.45 65.41 93.86 NOTE
r-patched-solaris-x86 1.0.2 153.20 NOTE
r-release-linux-x86_64 1.0.2 23.22 65.60 88.82 NOTE
r-release-macos-arm64 1.0.2 NOTE
r-release-macos-x86_64 1.0.2 NOTE
r-release-windows-ix86+x86_64 1.0.2 55.00 129.00 184.00 NOTE
r-oldrel-macos-x86_64 1.0.2 OK
r-oldrel-windows-ix86+x86_64 1.0.2 75.00 138.00 213.00 OK

Check Details

Version: 1.0.2
Check: LazyData
Result: NOTE
     'LazyData' is specified without a 'data' directory
Flavors: r-devel-linux-x86_64-debian-clang, r-devel-linux-x86_64-debian-gcc, r-devel-linux-x86_64-fedora-clang, r-devel-linux-x86_64-fedora-gcc, r-devel-windows-x86_64, r-devel-windows-x86_64-gcc10-UCRT, r-patched-linux-x86_64, r-patched-solaris-x86, r-release-linux-x86_64, r-release-macos-arm64, r-release-macos-x86_64, r-release-windows-ix86+x86_64