CRAN Package Check Results for Package mMPA

Last updated on 2023-06-04 08:57:15 CEST.

Flavor Version Tinstall Tcheck Ttotal Status Flags
r-devel-linux-x86_64-debian-clang 1.2.0 2.06 24.20 26.26 NOTE
r-devel-linux-x86_64-debian-gcc 1.2.0 1.40 18.84 20.24 NOTE
r-devel-linux-x86_64-fedora-clang 1.2.0 32.86 NOTE
r-devel-linux-x86_64-fedora-gcc 1.2.0 41.97 NOTE
r-devel-windows-x86_64 1.2.0 3.00 43.00 46.00 NOTE
r-patched-linux-x86_64 1.2.0 2.38 22.82 25.20 NOTE
r-release-linux-x86_64 1.2.0 2.09 22.88 24.97 NOTE
r-release-macos-arm64 1.2.0 20.00 NOTE
r-release-macos-x86_64 1.2.0 30.00 NOTE
r-release-windows-x86_64 1.2.0 3.00 43.00 46.00 NOTE
r-oldrel-macos-arm64 1.2.0 18.00 NOTE
r-oldrel-macos-x86_64 1.2.0 21.00 NOTE
r-oldrel-windows-x86_64 1.2.0 3.00 46.00 49.00 NOTE

Check Details

Version: 1.2.0
Check: LazyData
Result: NOTE
     'LazyData' is specified without a 'data' directory
Flavors: r-devel-linux-x86_64-debian-clang, r-devel-linux-x86_64-debian-gcc, r-devel-linux-x86_64-fedora-clang, r-devel-linux-x86_64-fedora-gcc, r-devel-windows-x86_64, r-patched-linux-x86_64, r-release-linux-x86_64, r-release-macos-arm64, r-release-macos-x86_64, r-release-windows-x86_64, r-oldrel-macos-arm64, r-oldrel-macos-x86_64, r-oldrel-windows-x86_64