Last updated on 2023-09-22 05:53:44 CEST.
Flavor | Version | Tinstall | Tcheck | Ttotal | Status | Flags |
---|---|---|---|---|---|---|
r-devel-linux-x86_64-debian-clang | 1.0.7 | 2.78 | 69.59 | 72.37 | OK | |
r-devel-linux-x86_64-debian-gcc | 1.0.7 | 2.08 | 48.94 | 51.02 | OK | |
r-devel-linux-x86_64-fedora-clang | 1.0.7 | 83.48 | OK | |||
r-devel-linux-x86_64-fedora-gcc | 1.0.7 | 79.53 | OK | |||
r-devel-windows-x86_64 | 1.0.7 | 4.00 | 69.00 | 73.00 | OK | |
r-patched-linux-x86_64 | 1.0.7 | 2.86 | 54.43 | 57.29 | OK | |
r-release-linux-x86_64 | 1.0.7 | 2.79 | 55.97 | 58.76 | OK | |
r-release-macos-arm64 | 1.0.7 | 30.00 | OK | |||
r-release-macos-x86_64 | 1.0.7 | 34.00 | NOTE | |||
r-release-windows-x86_64 | 1.0.7 | 4.00 | 75.00 | 79.00 | OK | |
r-oldrel-macos-arm64 | 1.0.7 | 23.00 | OK | |||
r-oldrel-macos-x86_64 | 1.0.7 | 38.00 | OK | |||
r-oldrel-windows-x86_64 | 1.0.7 | 5.00 | 77.00 | 82.00 | OK |
Version: 1.0.7
Check: package dependencies
Result: NOTE
Package suggested but not available for checking: ‘ICAMS’
Flavor: r-release-macos-x86_64