CRAN Package Check Results for Package maat

Last updated on 2024-02-26 08:48:49 CET.

Flavor Version Tinstall Tcheck Ttotal Status Flags
r-devel-linux-x86_64-debian-clang 1.1.0 11.65 178.57 190.22 NOTE
r-devel-linux-x86_64-debian-gcc 1.1.0 7.14 139.92 147.06 NOTE
r-devel-linux-x86_64-fedora-clang 1.1.0 232.51 OK
r-devel-linux-x86_64-fedora-gcc 1.1.0 247.18 OK
r-devel-windows-x86_64 1.1.0 10.00 162.00 172.00 OK
r-patched-linux-x86_64 1.1.0 17.00 180.55 197.55 OK
r-release-linux-x86_64 1.1.0 7.12 161.86 168.98 OK
r-release-macos-arm64 1.1.0 73.00 OK
r-release-macos-x86_64 1.1.0 98.00 OK
r-release-windows-x86_64 1.1.0 14.00 198.00 212.00 OK
r-oldrel-macos-arm64 1.1.0 76.00 OK
r-oldrel-windows-x86_64 1.1.0 16.00 193.00 209.00 OK

Check Details

Version: 1.1.0
Check: Rd files
Result: NOTE checkRd: (-1) examinee-class.Rd:61: Lost braces; missing escapes or markup? 61 | \item{\code{routing_based_on}}{a vector containing the routing was based on \code{estimated_theta_by_phase} or {estimated_theta_by_test} at each module position.} | ^ Flavors: r-devel-linux-x86_64-debian-clang, r-devel-linux-x86_64-debian-gcc